{"id":2272,"date":"2018-05-15T21:00:00","date_gmt":"2018-05-15T21:00:00","guid":{"rendered":"https:\/\/ifesworld.org\/prayerline\/ora-por-los-estudiantes-musulmanes-de-todo-el-mundo\/"},"modified":"2019-06-05T13:00:47","modified_gmt":"2019-06-05T13:00:47","slug":"ora-por-los-estudiantes-musulmanes-de-todo-el-mundo","status":"publish","type":"prayerline","link":"https:\/\/ifesworld.org\/es\/prayerline\/ora-por-los-estudiantes-musulmanes-de-todo-el-mundo\/","title":{"rendered":"Ora por los estudiantes musulmanes de todo el mundo."},"content":{"rendered":"<p>El atardecer del d\u00eda de hoy marca el principio del Ramad\u00e1n. Durante 30 d\u00edas, los musulmanes de todo el mundo estar\u00e1n ayunando durante las horas de sol. Rompen su ayuno cada d\u00eda al atardecer con una comida comunitaria llamada \u00abiftar\u00bb.<\/p>\n<p>Karine es cristiana, pero este a\u00f1o ir\u00e1 a un iftar. Ser\u00e1 la invitada de su amiga Lamia, una estudiante musulmana de biolog\u00eda. Cuando Karine escuch\u00f3 que la asociaci\u00f3n de estudiantes musulmanes de su universidad estaba organizando un iftar, le pregunt\u00f3 a Lamia si pod\u00eda asistir.<\/p>\n<p>No ser\u00e1 el primer iftar al que va Karine. La \u00faltima vez, tuvo la oportunidad de compartir el Evangelio con un grupo de mujeres que -inesperadamente- le preguntaron acerca de sus creencias.<\/p>\n\n<div class=\"wp-block block-core-quote\">\n<blockquote class=\"wp-block-quote is-layout-flow wp-block-quote-is-layout-flow\"><p> \u00abJes\u00fas mismo aprovechaba al m\u00e1ximo las oportunidades que surg\u00edan mientras com\u00edan, y nosotros tambi\u00e9n podemos\u00bb, dijo. \u00abSi has estado buscando una oportunidad para desarrollar una conexi\u00f3n m\u00e1s profunda con un amigo musulm\u00e1n, considera ir a un iftar. Muchas mezquitas tienen iftars de \u2018puertas abiertas&#8217;, organizadas especialmente para los de fuera. \u00a1Lleva a un amigo cristiano, ora con valent\u00eda y pregunta si puedes ir!\u00bb <\/p><\/blockquote>\n<\/div>\n\n<ul>\n<li>Ora por Karine y por los dos estudiantes cristianos que asistir\u00e1n, para que sea un momento significativo en el que puedan forjar una amistad con Lamia y otros estudiantes musulmanes que haya ah\u00ed.<\/li>\n<li>Ora para que los estudiantes cristianos de las distintas regiones de IFES se hagan amigos y compartan su fe con los musulmanes en sus campus.<\/li>\n<\/ul>\n<p>\u00a1Gracias por orar con nosotros!<\/p>","protected":false},"featured_media":2183,"template":"","area":[],"theme":[],"class_list":["post-2272","prayerline","type-prayerline","status-publish","has-post-thumbnail","hentry"],"acf":[],"yoast_head":"<!-- This site is optimized with the Yoast SEO plugin v27.2 - https:\/\/yoast.com\/product\/yoast-seo-wordpress\/ -->\n<title>Ora por los estudiantes musulmanes de todo el mundo. &#183; IFES Prayerline<\/title>\n<meta name=\"description\" content=\"El atardecer del d\u00eda de hoy marca el principio del Ramad\u00e1n. Durante 30 d\u00edas, los musulmanes de todo el mundo estar\u00e1n ayunando durante las horas de sol.\" \/>\n<meta name=\"robots\" content=\"index, follow, max-snippet:-1, max-image-preview:large, max-video-preview:-1\" \/>\n<link rel=\"canonical\" href=\"https:\/\/ifesworld.org\/en\/prayerline\/pray-for-muslim-students-around-the-world\/\" \/>\n<meta property=\"og:locale\" content=\"es_ES\" \/>\n<meta property=\"og:type\" content=\"article\" \/>\n<meta property=\"og:title\" content=\"Ora por los estudiantes musulmanes de todo el mundo. &#183; IFES Prayerline\" \/>\n<meta property=\"og:description\" content=\"El atardecer del d\u00eda de hoy marca el principio del Ramad\u00e1n. Durante 30 d\u00edas, los musulmanes de todo el mundo estar\u00e1n ayunando durante las horas de sol.\" \/>\n<meta property=\"og:url\" content=\"https:\/\/ifesworld.org\/en\/prayerline\/pray-for-muslim-students-around-the-world\/\" \/>\n<meta property=\"og:site_name\" content=\"IFES\" \/>\n<meta property=\"article:modified_time\" content=\"2019-06-05T13:00:47+00:00\" \/>\n<meta property=\"og:image\" content=\"https:\/\/ifesworld.org\/wp-content\/uploads\/2019\/05\/546ee401-5cae-4517-a448-d8622db34b1e.jpg\" \/>\n\t<meta property=\"og:image:width\" content=\"850\" \/>\n\t<meta property=\"og:image:height\" content=\"250\" \/>\n\t<meta property=\"og:image:type\" content=\"image\/jpeg\" \/>\n<meta name=\"twitter:card\" content=\"summary_large_image\" \/>\n<meta name=\"twitter:label1\" content=\"Tiempo de lectura\" \/>\n\t<meta name=\"twitter:data1\" content=\"1 minuto\" \/>\n<script type=\"application\/ld+json\" class=\"yoast-schema-graph\">{\"@context\":\"https:\/\/schema.org\",\"@graph\":[{\"@type\":\"WebPage\",\"@id\":\"https:\/\/ifesworld.org\/en\/prayerline\/pray-for-muslim-students-around-the-world\/\",\"url\":\"https:\/\/ifesworld.org\/en\/prayerline\/pray-for-muslim-students-around-the-world\/\",\"name\":\"Ora por los estudiantes musulmanes de todo el mundo. &#183; IFES Prayerline\",\"isPartOf\":{\"@id\":\"https:\/\/ifesworld.org\/es\/#website\"},\"primaryImageOfPage\":{\"@id\":\"https:\/\/ifesworld.org\/en\/prayerline\/pray-for-muslim-students-around-the-world\/#primaryimage\"},\"image\":{\"@id\":\"https:\/\/ifesworld.org\/en\/prayerline\/pray-for-muslim-students-around-the-world\/#primaryimage\"},\"thumbnailUrl\":\"https:\/\/ifesworld.org\/wp-content\/uploads\/2019\/05\/546ee401-5cae-4517-a448-d8622db34b1e.jpg\",\"datePublished\":\"2018-05-15T21:00:00+00:00\",\"dateModified\":\"2019-06-05T13:00:47+00:00\",\"description\":\"El atardecer del d\u00eda de hoy marca el principio del Ramad\u00e1n. Durante 30 d\u00edas, los musulmanes de todo el mundo estar\u00e1n ayunando durante las horas de sol.\",\"breadcrumb\":{\"@id\":\"https:\/\/ifesworld.org\/en\/prayerline\/pray-for-muslim-students-around-the-world\/#breadcrumb\"},\"inLanguage\":\"es\",\"potentialAction\":[{\"@type\":\"ReadAction\",\"target\":[\"https:\/\/ifesworld.org\/en\/prayerline\/pray-for-muslim-students-around-the-world\/\"]}]},{\"@type\":\"ImageObject\",\"inLanguage\":\"es\",\"@id\":\"https:\/\/ifesworld.org\/en\/prayerline\/pray-for-muslim-students-around-the-world\/#primaryimage\",\"url\":\"https:\/\/ifesworld.org\/wp-content\/uploads\/2019\/05\/546ee401-5cae-4517-a448-d8622db34b1e.jpg\",\"contentUrl\":\"https:\/\/ifesworld.org\/wp-content\/uploads\/2019\/05\/546ee401-5cae-4517-a448-d8622db34b1e.jpg\",\"width\":850,\"height\":250},{\"@type\":\"BreadcrumbList\",\"@id\":\"https:\/\/ifesworld.org\/en\/prayerline\/pray-for-muslim-students-around-the-world\/#breadcrumb\",\"itemListElement\":[{\"@type\":\"ListItem\",\"position\":1,\"name\":\"Home\",\"item\":\"https:\/\/ifesworld.org\/es\/\"},{\"@type\":\"ListItem\",\"position\":2,\"name\":\"Prayerline\",\"item\":\"https:\/\/ifesworld.org\/en\/prayerline\/\"},{\"@type\":\"ListItem\",\"position\":3,\"name\":\"Ora por los estudiantes musulmanes de todo el mundo.\"}]},{\"@type\":\"WebSite\",\"@id\":\"https:\/\/ifesworld.org\/es\/#website\",\"url\":\"https:\/\/ifesworld.org\/es\/\",\"name\":\"IFES\",\"description\":\"A movement of students sharing and living out the good news of Jesus Christ. Locally. Nationally. Globally.\",\"publisher\":{\"@id\":\"https:\/\/ifesworld.org\/es\/#organization\"},\"potentialAction\":[{\"@type\":\"SearchAction\",\"target\":{\"@type\":\"EntryPoint\",\"urlTemplate\":\"https:\/\/ifesworld.org\/es\/?s={search_term_string}\"},\"query-input\":{\"@type\":\"PropertyValueSpecification\",\"valueRequired\":true,\"valueName\":\"search_term_string\"}}],\"inLanguage\":\"es\"},{\"@type\":\"Organization\",\"@id\":\"https:\/\/ifesworld.org\/es\/#organization\",\"name\":\"IFES \u00b7 International Fellowship of Evangelical Students\",\"url\":\"https:\/\/ifesworld.org\/es\/\",\"logo\":{\"@type\":\"ImageObject\",\"inLanguage\":\"es\",\"@id\":\"https:\/\/ifesworld.org\/es\/#\/schema\/logo\/image\/\",\"url\":\"https:\/\/ifesworld.org\/wp-content\/uploads\/2019\/06\/ifeslogo.png\",\"contentUrl\":\"https:\/\/ifesworld.org\/wp-content\/uploads\/2019\/06\/ifeslogo.png\",\"width\":262,\"height\":262,\"caption\":\"IFES \u00b7 International Fellowship of Evangelical Students\"},\"image\":{\"@id\":\"https:\/\/ifesworld.org\/es\/#\/schema\/logo\/image\/\"}}]}<\/script>\n<!-- \/ Yoast SEO plugin. -->","yoast_head_json":{"title":"Ora por los estudiantes musulmanes de todo el mundo. &#183; IFES Prayerline","description":"El atardecer del d\u00eda de hoy marca el principio del Ramad\u00e1n. Durante 30 d\u00edas, los musulmanes de todo el mundo estar\u00e1n ayunando durante las horas de sol.","robots":{"index":"index","follow":"follow","max-snippet":"max-snippet:-1","max-image-preview":"max-image-preview:large","max-video-preview":"max-video-preview:-1"},"canonical":"https:\/\/ifesworld.org\/en\/prayerline\/pray-for-muslim-students-around-the-world\/","og_locale":"es_ES","og_type":"article","og_title":"Ora por los estudiantes musulmanes de todo el mundo. &#183; IFES Prayerline","og_description":"El atardecer del d\u00eda de hoy marca el principio del Ramad\u00e1n. Durante 30 d\u00edas, los musulmanes de todo el mundo estar\u00e1n ayunando durante las horas de sol.","og_url":"https:\/\/ifesworld.org\/en\/prayerline\/pray-for-muslim-students-around-the-world\/","og_site_name":"IFES","article_modified_time":"2019-06-05T13:00:47+00:00","og_image":[{"width":850,"height":250,"url":"https:\/\/ifesworld.org\/wp-content\/uploads\/2019\/05\/546ee401-5cae-4517-a448-d8622db34b1e.jpg","type":"image\/jpeg"}],"twitter_card":"summary_large_image","twitter_misc":{"Tiempo de lectura":"1 minuto"},"schema":{"@context":"https:\/\/schema.org","@graph":[{"@type":"WebPage","@id":"https:\/\/ifesworld.org\/en\/prayerline\/pray-for-muslim-students-around-the-world\/","url":"https:\/\/ifesworld.org\/en\/prayerline\/pray-for-muslim-students-around-the-world\/","name":"Ora por los estudiantes musulmanes de todo el mundo. &#183; IFES Prayerline","isPartOf":{"@id":"https:\/\/ifesworld.org\/es\/#website"},"primaryImageOfPage":{"@id":"https:\/\/ifesworld.org\/en\/prayerline\/pray-for-muslim-students-around-the-world\/#primaryimage"},"image":{"@id":"https:\/\/ifesworld.org\/en\/prayerline\/pray-for-muslim-students-around-the-world\/#primaryimage"},"thumbnailUrl":"https:\/\/ifesworld.org\/wp-content\/uploads\/2019\/05\/546ee401-5cae-4517-a448-d8622db34b1e.jpg","datePublished":"2018-05-15T21:00:00+00:00","dateModified":"2019-06-05T13:00:47+00:00","description":"El atardecer del d\u00eda de hoy marca el principio del Ramad\u00e1n. Durante 30 d\u00edas, los musulmanes de todo el mundo estar\u00e1n ayunando durante las horas de sol.","breadcrumb":{"@id":"https:\/\/ifesworld.org\/en\/prayerline\/pray-for-muslim-students-around-the-world\/#breadcrumb"},"inLanguage":"es","potentialAction":[{"@type":"ReadAction","target":["https:\/\/ifesworld.org\/en\/prayerline\/pray-for-muslim-students-around-the-world\/"]}]},{"@type":"ImageObject","inLanguage":"es","@id":"https:\/\/ifesworld.org\/en\/prayerline\/pray-for-muslim-students-around-the-world\/#primaryimage","url":"https:\/\/ifesworld.org\/wp-content\/uploads\/2019\/05\/546ee401-5cae-4517-a448-d8622db34b1e.jpg","contentUrl":"https:\/\/ifesworld.org\/wp-content\/uploads\/2019\/05\/546ee401-5cae-4517-a448-d8622db34b1e.jpg","width":850,"height":250},{"@type":"BreadcrumbList","@id":"https:\/\/ifesworld.org\/en\/prayerline\/pray-for-muslim-students-around-the-world\/#breadcrumb","itemListElement":[{"@type":"ListItem","position":1,"name":"Home","item":"https:\/\/ifesworld.org\/es\/"},{"@type":"ListItem","position":2,"name":"Prayerline","item":"https:\/\/ifesworld.org\/en\/prayerline\/"},{"@type":"ListItem","position":3,"name":"Ora por los estudiantes musulmanes de todo el mundo."}]},{"@type":"WebSite","@id":"https:\/\/ifesworld.org\/es\/#website","url":"https:\/\/ifesworld.org\/es\/","name":"IFES","description":"A movement of students sharing and living out the good news of Jesus Christ. Locally. Nationally. Globally.","publisher":{"@id":"https:\/\/ifesworld.org\/es\/#organization"},"potentialAction":[{"@type":"SearchAction","target":{"@type":"EntryPoint","urlTemplate":"https:\/\/ifesworld.org\/es\/?s={search_term_string}"},"query-input":{"@type":"PropertyValueSpecification","valueRequired":true,"valueName":"search_term_string"}}],"inLanguage":"es"},{"@type":"Organization","@id":"https:\/\/ifesworld.org\/es\/#organization","name":"IFES \u00b7 International Fellowship of Evangelical Students","url":"https:\/\/ifesworld.org\/es\/","logo":{"@type":"ImageObject","inLanguage":"es","@id":"https:\/\/ifesworld.org\/es\/#\/schema\/logo\/image\/","url":"https:\/\/ifesworld.org\/wp-content\/uploads\/2019\/06\/ifeslogo.png","contentUrl":"https:\/\/ifesworld.org\/wp-content\/uploads\/2019\/06\/ifeslogo.png","width":262,"height":262,"caption":"IFES \u00b7 International Fellowship of Evangelical Students"},"image":{"@id":"https:\/\/ifesworld.org\/es\/#\/schema\/logo\/image\/"}}]}},"_links":{"self":[{"href":"https:\/\/ifesworld.org\/es\/wp-json\/wp\/v2\/prayerline\/2272","targetHints":{"allow":["GET"]}}],"collection":[{"href":"https:\/\/ifesworld.org\/es\/wp-json\/wp\/v2\/prayerline"}],"about":[{"href":"https:\/\/ifesworld.org\/es\/wp-json\/wp\/v2\/types\/prayerline"}],"wp:featuredmedia":[{"embeddable":true,"href":"https:\/\/ifesworld.org\/es\/wp-json\/wp\/v2\/media\/2183"}],"wp:attachment":[{"href":"https:\/\/ifesworld.org\/es\/wp-json\/wp\/v2\/media?parent=2272"}],"wp:term":[{"taxonomy":"area","embeddable":true,"href":"https:\/\/ifesworld.org\/es\/wp-json\/wp\/v2\/area?post=2272"},{"taxonomy":"theme","embeddable":true,"href":"https:\/\/ifesworld.org\/es\/wp-json\/wp\/v2\/theme?post=2272"}],"curies":[{"name":"wp","href":"https:\/\/api.w.org\/{rel}","templated":true}]}}

<p>El atardecer del día de hoy marca el principio del Ramadán. Durante 30 días, los musulmanes de todo el mundo estarán ayunando durante las horas de sol. Rompen su ayuno cada día al atardecer con una comida comunitaria llamada «iftar».</p>
<p>Karine es cristiana, pero este año irá a un iftar. Será la invitada de su amiga Lamia, una estudiante musulmana de biología. Cuando Karine escuchó que la asociación de estudiantes musulmanes de su universidad estaba organizando un iftar, le preguntó a Lamia si podía asistir.</p>
<p>No será el primer iftar al que va Karine. La última vez, tuvo la oportunidad de compartir el Evangelio con un grupo de mujeres que -inesperadamente- le preguntaron acerca de sus creencias.</p>

<div class="wp-block block-core-quote">
<blockquote class="wp-block-quote is-layout-flow wp-block-quote-is-layout-flow"><p> «Jesús mismo aprovechaba al máximo las oportunidades que surgían mientras comían, y nosotros también podemos», dijo. «Si has estado buscando una oportunidad para desarrollar una conexión más profunda con un amigo musulmán, considera ir a un iftar. Muchas mezquitas tienen iftars de ‘puertas abiertas&#8217;, organizadas especialmente para los de fuera. ¡Lleva a un amigo cristiano, ora con valentía y pregunta si puedes ir!» </p></blockquote>
</div>

<ul>
<li>Ora por Karine y por los dos estudiantes cristianos que asistirán, para que sea un momento significativo en el que puedan forjar una amistad con Lamia y otros estudiantes musulmanes que haya ahí.</li>
<li>Ora para que los estudiantes cristianos de las distintas regiones de IFES se hagan amigos y compartan su fe con los musulmanes en sus campus.</li>
</ul>
<p>¡Gracias por orar con nosotros!</p>

<!-- This site is optimized with the Yoast SEO plugin v27.2 - https://yoast.com/product/yoast-seo-wordpress/ -->
<title>Ora por los estudiantes musulmanes de todo el mundo. &#183; IFES Prayerline</title>
<meta name="description" content="El atardecer del día de hoy marca el principio del Ramadán. Durante 30 días, los musulmanes de todo el mundo estarán ayunando durante las horas de sol." />
<meta name="robots" content="index, follow, max-snippet:-1, max-image-preview:large, max-video-preview:-1" />
<link rel="canonical" href="https://ifesworld.org/en/prayerline/pray-for-muslim-students-around-the-world/" />
<meta property="og:locale" content="es_ES" />
<meta property="og:type" content="article" />
<meta property="og:title" content="Ora por los estudiantes musulmanes de todo el mundo. &#183; IFES Prayerline" />
<meta property="og:description" content="El atardecer del día de hoy marca el principio del Ramadán. Durante 30 días, los musulmanes de todo el mundo estarán ayunando durante las horas de sol." />
<meta property="og:url" content="https://ifesworld.org/en/prayerline/pray-for-muslim-students-around-the-world/" />
<meta property="og:site_name" content="IFES" />
<meta property="article:modified_time" content="2019-06-05T13:00:47+00:00" />
<meta property="og:image" content="https://ifesworld.org/wp-content/uploads/2019/05/546ee401-5cae-4517-a448-d8622db34b1e.jpg" />
	<meta property="og:image:width" content="850" />
	<meta property="og:image:height" content="250" />
	<meta property="og:image:type" content="image/jpeg" />
<meta name="twitter:card" content="summary_large_image" />
<meta name="twitter:label1" content="Tiempo de lectura" />
	<meta name="twitter:data1" content="1 minuto" />
<script type="application/ld+json" class="yoast-schema-graph">{"@context":"https://schema.org","@graph":[{"@type":"WebPage","@id":"https://ifesworld.org/en/prayerline/pray-for-muslim-students-around-the-world/","url":"https://ifesworld.org/en/prayerline/pray-for-muslim-students-around-the-world/","name":"Ora por los estudiantes musulmanes de todo el mundo. &#183; IFES Prayerline","isPartOf":{"@id":"https://ifesworld.org/es/#website"},"primaryImageOfPage":{"@id":"https://ifesworld.org/en/prayerline/pray-for-muslim-students-around-the-world/#primaryimage"},"image":{"@id":"https://ifesworld.org/en/prayerline/pray-for-muslim-students-around-the-world/#primaryimage"},"thumbnailUrl":"https://ifesworld.org/wp-content/uploads/2019/05/546ee401-5cae-4517-a448-d8622db34b1e.jpg","datePublished":"2018-05-15T21:00:00+00:00","dateModified":"2019-06-05T13:00:47+00:00","description":"El atardecer del día de hoy marca el principio del Ramadán. Durante 30 días, los musulmanes de todo el mundo estarán ayunando durante las horas de sol.","breadcrumb":{"@id":"https://ifesworld.org/en/prayerline/pray-for-muslim-students-around-the-world/#breadcrumb"},"inLanguage":"es","potentialAction":[{"@type":"ReadAction","target":["https://ifesworld.org/en/prayerline/pray-for-muslim-students-around-the-world/"]}]},{"@type":"ImageObject","inLanguage":"es","@id":"https://ifesworld.org/en/prayerline/pray-for-muslim-students-around-the-world/#primaryimage","url":"https://ifesworld.org/wp-content/uploads/2019/05/546ee401-5cae-4517-a448-d8622db34b1e.jpg","contentUrl":"https://ifesworld.org/wp-content/uploads/2019/05/546ee401-5cae-4517-a448-d8622db34b1e.jpg","width":850,"height":250},{"@type":"BreadcrumbList","@id":"https://ifesworld.org/en/prayerline/pray-for-muslim-students-around-the-world/#breadcrumb","itemListElement":[{"@type":"ListItem","position":1,"name":"Home","item":"https://ifesworld.org/es/"},{"@type":"ListItem","position":2,"name":"Prayerline","item":"https://ifesworld.org/en/prayerline/"},{"@type":"ListItem","position":3,"name":"Ora por los estudiantes musulmanes de todo el mundo."}]},{"@type":"WebSite","@id":"https://ifesworld.org/es/#website","url":"https://ifesworld.org/es/","name":"IFES","description":"A movement of students sharing and living out the good news of Jesus Christ. Locally. Nationally. Globally.","publisher":{"@id":"https://ifesworld.org/es/#organization"},"potentialAction":[{"@type":"SearchAction","target":{"@type":"EntryPoint","urlTemplate":"https://ifesworld.org/es/?s={search_term_string}"},"query-input":{"@type":"PropertyValueSpecification","valueRequired":true,"valueName":"search_term_string"}}],"inLanguage":"es"},{"@type":"Organization","@id":"https://ifesworld.org/es/#organization","name":"IFES · International Fellowship of Evangelical Students","url":"https://ifesworld.org/es/","logo":{"@type":"ImageObject","inLanguage":"es","@id":"https://ifesworld.org/es/#/schema/logo/image/","url":"https://ifesworld.org/wp-content/uploads/2019/06/ifeslogo.png","contentUrl":"https://ifesworld.org/wp-content/uploads/2019/06/ifeslogo.png","width":262,"height":262,"caption":"IFES · International Fellowship of Evangelical Students"},"image":{"@id":"https://ifesworld.org/es/#/schema/logo/image/"}}]}</script>
<!-- / Yoast SEO plugin. -->

El atardecer del día de hoy marca el principio del Ramadán. Durante 30 días, los musulmanes de todo el mundo estarán ayunando durante las horas de sol.
