{"id":2231,"date":"2018-04-24T21:00:00","date_gmt":"2018-04-24T21:00:00","guid":{"rendered":"https:\/\/ifesworld.org\/prayerline\/ora-por-lo-estudiantes-que-estn-grabando-una-pelcula-en-canad\/"},"modified":"2019-06-05T14:03:06","modified_gmt":"2019-06-05T14:03:06","slug":"ora-por-lo-estudiantes-que-estn-grabando-una-pelcula-en-canad","status":"publish","type":"prayerline","link":"https:\/\/ifesworld.org\/es\/prayerline\/ora-por-lo-estudiantes-que-estn-grabando-una-pelcula-en-canad\/","title":{"rendered":"Ora por lo estudiantes que estn grabando una pelcula en Canad"},"content":{"rendered":"<div class=\"wp-block block-core-quote\">\n<blockquote class=\"wp-block-quote is-layout-flow wp-block-quote-is-layout-flow\"><p> \u00abPensaba que la Biblia era algo que la gente colocaba en las habitaciones de hotel, y que Jes\u00fas no era m\u00e1s que una figura metaf\u00f3rica. No cre\u00eda que fuera una persona real. Pero un amigo me invit\u00f3 a estudiar la Biblia y me impact\u00f3. Me di cuenta de que la Biblia es un documento hist\u00f3rico y que Jes\u00fas fue una persona real. \u00a1Est\u00e1bamos leyendo acerca de lo que Jes\u00fas realmente dijo e hizo! Entonces empezaron a cambiar mis preconcepciones.\u00bb <\/p><\/blockquote>\n<\/div>\n\n<p>La historia de Lousia es una de las que aparecer\u00e1n en la pel\u00edcula que est\u00e1n haciendo los estudiantes de IVCF Canad\u00e1.<\/p>\n<p>La pel\u00edcula se usar\u00e1 para formar a los estudiantes para evangelizar en el contexto espec\u00edfico de Canad\u00e1. Hogan, un obrero, comparti\u00f3:<\/p>\n\n<div class=\"wp-block block-core-quote\">\n<blockquote class=\"wp-block-quote is-layout-flow wp-block-quote-is-layout-flow\"><p> \u00abMuchos estudiantes cristianos no comparten el Evangelio. Les preocupa que no puedan responder a las preguntas, por lo que presuponen que sus amigos se sentir\u00e1n ofendidos o no tendr\u00e1n inter\u00e9s. Nuestra oraci\u00f3n es que este recurso ayude a los estudiantes a aumentar su confianza en su propia evangelizaci\u00f3n y que se animen porque Dios est\u00e1 atrayendo a los estudiantes para que le conozcan.\u00bb <\/p><\/blockquote>\n<\/div>\n\n<p>\u00danete a nosotros y oremos por esta iniciativa:<\/p>\n<ul>\n<li>Ora para que Dios ayude a los que est\u00e1n trabajando en los aspectos t\u00e9cnicos de la pel\u00edcula.<\/li>\n<li>Ora para que los estudiantes cristianos en Canad\u00e1 cobren \u00e1nimo para implicarse en la evangelizaci\u00f3n personal en el campus.<\/li>\n<\/ul>\n<p>\u00a1Gracias por orar con nosotros!<\/p>\n<p><em>Esta iniciativa cuenta con el apoyo de una beca para la Innovaci\u00f3n de IFES.\u00a0<\/em><\/p>","protected":false},"featured_media":3164,"template":"","area":[710,906],"theme":[],"class_list":["post-2231","prayerline","type-prayerline","status-publish","has-post-thumbnail","hentry","area-america-del-norte","area-canada-america-del-norte"],"acf":[],"yoast_head":"<!-- This site is optimized with the Yoast SEO plugin v27.2 - https:\/\/yoast.com\/product\/yoast-seo-wordpress\/ -->\n<title>Ora por lo estudiantes que estn grabando una pelcula en Canad &#183; IFES Prayerline<\/title>\n<meta name=\"description\" content=\"&quot;Pensaba que la Biblia era algo que la gente colocaba en las habitaciones de hotel, y que Jes\u00fas no era m\u00e1s que una figura metaf\u00f3rica. No cre\u00eda que fuera\" \/>\n<meta name=\"robots\" content=\"index, follow, max-snippet:-1, max-image-preview:large, max-video-preview:-1\" \/>\n<link rel=\"canonical\" href=\"https:\/\/ifesworld.org\/es\/prayerline\/ora-por-lo-estudiantes-que-estn-grabando-una-pelcula-en-canad\/\" \/>\n<meta property=\"og:locale\" content=\"es_ES\" \/>\n<meta property=\"og:type\" content=\"article\" \/>\n<meta property=\"og:title\" content=\"Ora por lo estudiantes que estn grabando una pelcula en Canad &#183; IFES Prayerline\" \/>\n<meta property=\"og:description\" content=\"&quot;Pensaba que la Biblia era algo que la gente colocaba en las habitaciones de hotel, y que Jes\u00fas no era m\u00e1s que una figura metaf\u00f3rica. No cre\u00eda que fuera\" \/>\n<meta property=\"og:url\" content=\"https:\/\/ifesworld.org\/es\/prayerline\/ora-por-lo-estudiantes-que-estn-grabando-una-pelcula-en-canad\/\" \/>\n<meta property=\"og:site_name\" content=\"IFES\" \/>\n<meta property=\"article:modified_time\" content=\"2019-06-05T14:03:06+00:00\" \/>\n<meta property=\"og:image\" content=\"https:\/\/ifesworld.org\/wp-content\/uploads\/2018\/04\/180424jpg.jpg\" \/>\n\t<meta property=\"og:image:width\" content=\"1280\" \/>\n\t<meta property=\"og:image:height\" content=\"720\" \/>\n\t<meta property=\"og:image:type\" content=\"image\/jpeg\" \/>\n<meta name=\"twitter:card\" content=\"summary_large_image\" \/>\n<meta name=\"twitter:label1\" content=\"Tiempo de lectura\" \/>\n\t<meta name=\"twitter:data1\" content=\"1 minuto\" \/>\n<script type=\"application\/ld+json\" class=\"yoast-schema-graph\">{\"@context\":\"https:\/\/schema.org\",\"@graph\":[{\"@type\":\"WebPage\",\"@id\":\"https:\/\/ifesworld.org\/es\/prayerline\/ora-por-lo-estudiantes-que-estn-grabando-una-pelcula-en-canad\/\",\"url\":\"https:\/\/ifesworld.org\/es\/prayerline\/ora-por-lo-estudiantes-que-estn-grabando-una-pelcula-en-canad\/\",\"name\":\"Ora por lo estudiantes que estn grabando una pelcula en Canad &#183; IFES Prayerline\",\"isPartOf\":{\"@id\":\"https:\/\/ifesworld.org\/es\/#website\"},\"primaryImageOfPage\":{\"@id\":\"https:\/\/ifesworld.org\/es\/prayerline\/ora-por-lo-estudiantes-que-estn-grabando-una-pelcula-en-canad\/#primaryimage\"},\"image\":{\"@id\":\"https:\/\/ifesworld.org\/es\/prayerline\/ora-por-lo-estudiantes-que-estn-grabando-una-pelcula-en-canad\/#primaryimage\"},\"thumbnailUrl\":\"https:\/\/ifesworld.org\/wp-content\/uploads\/2018\/04\/180424jpg.jpg\",\"datePublished\":\"2018-04-24T21:00:00+00:00\",\"dateModified\":\"2019-06-05T14:03:06+00:00\",\"description\":\"\\\"Pensaba que la Biblia era algo que la gente colocaba en las habitaciones de hotel, y que Jes\u00fas no era m\u00e1s que una figura metaf\u00f3rica. No cre\u00eda que fuera\",\"breadcrumb\":{\"@id\":\"https:\/\/ifesworld.org\/es\/prayerline\/ora-por-lo-estudiantes-que-estn-grabando-una-pelcula-en-canad\/#breadcrumb\"},\"inLanguage\":\"es\",\"potentialAction\":[{\"@type\":\"ReadAction\",\"target\":[\"https:\/\/ifesworld.org\/es\/prayerline\/ora-por-lo-estudiantes-que-estn-grabando-una-pelcula-en-canad\/\"]}]},{\"@type\":\"ImageObject\",\"inLanguage\":\"es\",\"@id\":\"https:\/\/ifesworld.org\/es\/prayerline\/ora-por-lo-estudiantes-que-estn-grabando-una-pelcula-en-canad\/#primaryimage\",\"url\":\"https:\/\/ifesworld.org\/wp-content\/uploads\/2018\/04\/180424jpg.jpg\",\"contentUrl\":\"https:\/\/ifesworld.org\/wp-content\/uploads\/2018\/04\/180424jpg.jpg\",\"width\":1280,\"height\":720,\"caption\":\"180424-Canada\"},{\"@type\":\"BreadcrumbList\",\"@id\":\"https:\/\/ifesworld.org\/es\/prayerline\/ora-por-lo-estudiantes-que-estn-grabando-una-pelcula-en-canad\/#breadcrumb\",\"itemListElement\":[{\"@type\":\"ListItem\",\"position\":1,\"name\":\"Home\",\"item\":\"https:\/\/ifesworld.org\/es\/\"},{\"@type\":\"ListItem\",\"position\":2,\"name\":\"Prayerline\",\"item\":\"https:\/\/ifesworld.org\/en\/prayerline\/\"},{\"@type\":\"ListItem\",\"position\":3,\"name\":\"Ora por lo estudiantes que estn grabando una pelcula en Canad\"}]},{\"@type\":\"WebSite\",\"@id\":\"https:\/\/ifesworld.org\/es\/#website\",\"url\":\"https:\/\/ifesworld.org\/es\/\",\"name\":\"IFES\",\"description\":\"A movement of students sharing and living out the good news of Jesus Christ. Locally. Nationally. Globally.\",\"publisher\":{\"@id\":\"https:\/\/ifesworld.org\/es\/#organization\"},\"potentialAction\":[{\"@type\":\"SearchAction\",\"target\":{\"@type\":\"EntryPoint\",\"urlTemplate\":\"https:\/\/ifesworld.org\/es\/?s={search_term_string}\"},\"query-input\":{\"@type\":\"PropertyValueSpecification\",\"valueRequired\":true,\"valueName\":\"search_term_string\"}}],\"inLanguage\":\"es\"},{\"@type\":\"Organization\",\"@id\":\"https:\/\/ifesworld.org\/es\/#organization\",\"name\":\"IFES \u00b7 International Fellowship of Evangelical Students\",\"url\":\"https:\/\/ifesworld.org\/es\/\",\"logo\":{\"@type\":\"ImageObject\",\"inLanguage\":\"es\",\"@id\":\"https:\/\/ifesworld.org\/es\/#\/schema\/logo\/image\/\",\"url\":\"https:\/\/ifesworld.org\/wp-content\/uploads\/2019\/06\/ifeslogo.png\",\"contentUrl\":\"https:\/\/ifesworld.org\/wp-content\/uploads\/2019\/06\/ifeslogo.png\",\"width\":262,\"height\":262,\"caption\":\"IFES \u00b7 International Fellowship of Evangelical Students\"},\"image\":{\"@id\":\"https:\/\/ifesworld.org\/es\/#\/schema\/logo\/image\/\"}}]}<\/script>\n<!-- \/ Yoast SEO plugin. -->","yoast_head_json":{"title":"Ora por lo estudiantes que estn grabando una pelcula en Canad &#183; IFES Prayerline","description":"\"Pensaba que la Biblia era algo que la gente colocaba en las habitaciones de hotel, y que Jes\u00fas no era m\u00e1s que una figura metaf\u00f3rica. No cre\u00eda que fuera","robots":{"index":"index","follow":"follow","max-snippet":"max-snippet:-1","max-image-preview":"max-image-preview:large","max-video-preview":"max-video-preview:-1"},"canonical":"https:\/\/ifesworld.org\/es\/prayerline\/ora-por-lo-estudiantes-que-estn-grabando-una-pelcula-en-canad\/","og_locale":"es_ES","og_type":"article","og_title":"Ora por lo estudiantes que estn grabando una pelcula en Canad &#183; IFES Prayerline","og_description":"\"Pensaba que la Biblia era algo que la gente colocaba en las habitaciones de hotel, y que Jes\u00fas no era m\u00e1s que una figura metaf\u00f3rica. No cre\u00eda que fuera","og_url":"https:\/\/ifesworld.org\/es\/prayerline\/ora-por-lo-estudiantes-que-estn-grabando-una-pelcula-en-canad\/","og_site_name":"IFES","article_modified_time":"2019-06-05T14:03:06+00:00","og_image":[{"width":1280,"height":720,"url":"https:\/\/ifesworld.org\/wp-content\/uploads\/2018\/04\/180424jpg.jpg","type":"image\/jpeg"}],"twitter_card":"summary_large_image","twitter_misc":{"Tiempo de lectura":"1 minuto"},"schema":{"@context":"https:\/\/schema.org","@graph":[{"@type":"WebPage","@id":"https:\/\/ifesworld.org\/es\/prayerline\/ora-por-lo-estudiantes-que-estn-grabando-una-pelcula-en-canad\/","url":"https:\/\/ifesworld.org\/es\/prayerline\/ora-por-lo-estudiantes-que-estn-grabando-una-pelcula-en-canad\/","name":"Ora por lo estudiantes que estn grabando una pelcula en Canad &#183; IFES Prayerline","isPartOf":{"@id":"https:\/\/ifesworld.org\/es\/#website"},"primaryImageOfPage":{"@id":"https:\/\/ifesworld.org\/es\/prayerline\/ora-por-lo-estudiantes-que-estn-grabando-una-pelcula-en-canad\/#primaryimage"},"image":{"@id":"https:\/\/ifesworld.org\/es\/prayerline\/ora-por-lo-estudiantes-que-estn-grabando-una-pelcula-en-canad\/#primaryimage"},"thumbnailUrl":"https:\/\/ifesworld.org\/wp-content\/uploads\/2018\/04\/180424jpg.jpg","datePublished":"2018-04-24T21:00:00+00:00","dateModified":"2019-06-05T14:03:06+00:00","description":"\"Pensaba que la Biblia era algo que la gente colocaba en las habitaciones de hotel, y que Jes\u00fas no era m\u00e1s que una figura metaf\u00f3rica. No cre\u00eda que fuera","breadcrumb":{"@id":"https:\/\/ifesworld.org\/es\/prayerline\/ora-por-lo-estudiantes-que-estn-grabando-una-pelcula-en-canad\/#breadcrumb"},"inLanguage":"es","potentialAction":[{"@type":"ReadAction","target":["https:\/\/ifesworld.org\/es\/prayerline\/ora-por-lo-estudiantes-que-estn-grabando-una-pelcula-en-canad\/"]}]},{"@type":"ImageObject","inLanguage":"es","@id":"https:\/\/ifesworld.org\/es\/prayerline\/ora-por-lo-estudiantes-que-estn-grabando-una-pelcula-en-canad\/#primaryimage","url":"https:\/\/ifesworld.org\/wp-content\/uploads\/2018\/04\/180424jpg.jpg","contentUrl":"https:\/\/ifesworld.org\/wp-content\/uploads\/2018\/04\/180424jpg.jpg","width":1280,"height":720,"caption":"180424-Canada"},{"@type":"BreadcrumbList","@id":"https:\/\/ifesworld.org\/es\/prayerline\/ora-por-lo-estudiantes-que-estn-grabando-una-pelcula-en-canad\/#breadcrumb","itemListElement":[{"@type":"ListItem","position":1,"name":"Home","item":"https:\/\/ifesworld.org\/es\/"},{"@type":"ListItem","position":2,"name":"Prayerline","item":"https:\/\/ifesworld.org\/en\/prayerline\/"},{"@type":"ListItem","position":3,"name":"Ora por lo estudiantes que estn grabando una pelcula en Canad"}]},{"@type":"WebSite","@id":"https:\/\/ifesworld.org\/es\/#website","url":"https:\/\/ifesworld.org\/es\/","name":"IFES","description":"A movement of students sharing and living out the good news of Jesus Christ. Locally. Nationally. Globally.","publisher":{"@id":"https:\/\/ifesworld.org\/es\/#organization"},"potentialAction":[{"@type":"SearchAction","target":{"@type":"EntryPoint","urlTemplate":"https:\/\/ifesworld.org\/es\/?s={search_term_string}"},"query-input":{"@type":"PropertyValueSpecification","valueRequired":true,"valueName":"search_term_string"}}],"inLanguage":"es"},{"@type":"Organization","@id":"https:\/\/ifesworld.org\/es\/#organization","name":"IFES \u00b7 International Fellowship of Evangelical Students","url":"https:\/\/ifesworld.org\/es\/","logo":{"@type":"ImageObject","inLanguage":"es","@id":"https:\/\/ifesworld.org\/es\/#\/schema\/logo\/image\/","url":"https:\/\/ifesworld.org\/wp-content\/uploads\/2019\/06\/ifeslogo.png","contentUrl":"https:\/\/ifesworld.org\/wp-content\/uploads\/2019\/06\/ifeslogo.png","width":262,"height":262,"caption":"IFES \u00b7 International Fellowship of Evangelical Students"},"image":{"@id":"https:\/\/ifesworld.org\/es\/#\/schema\/logo\/image\/"}}]}},"_links":{"self":[{"href":"https:\/\/ifesworld.org\/es\/wp-json\/wp\/v2\/prayerline\/2231","targetHints":{"allow":["GET"]}}],"collection":[{"href":"https:\/\/ifesworld.org\/es\/wp-json\/wp\/v2\/prayerline"}],"about":[{"href":"https:\/\/ifesworld.org\/es\/wp-json\/wp\/v2\/types\/prayerline"}],"wp:featuredmedia":[{"embeddable":true,"href":"https:\/\/ifesworld.org\/es\/wp-json\/wp\/v2\/media\/3164"}],"wp:attachment":[{"href":"https:\/\/ifesworld.org\/es\/wp-json\/wp\/v2\/media?parent=2231"}],"wp:term":[{"taxonomy":"area","embeddable":true,"href":"https:\/\/ifesworld.org\/es\/wp-json\/wp\/v2\/area?post=2231"},{"taxonomy":"theme","embeddable":true,"href":"https:\/\/ifesworld.org\/es\/wp-json\/wp\/v2\/theme?post=2231"}],"curies":[{"name":"wp","href":"https:\/\/api.w.org\/{rel}","templated":true}]}}

<div class="wp-block block-core-quote">
<blockquote class="wp-block-quote is-layout-flow wp-block-quote-is-layout-flow"><p> «Pensaba que la Biblia era algo que la gente colocaba en las habitaciones de hotel, y que Jesús no era más que una figura metafórica. No creía que fuera una persona real. Pero un amigo me invitó a estudiar la Biblia y me impactó. Me di cuenta de que la Biblia es un documento histórico y que Jesús fue una persona real. ¡Estábamos leyendo acerca de lo que Jesús realmente dijo e hizo! Entonces empezaron a cambiar mis preconcepciones.» </p></blockquote>
</div>

<p>La historia de Lousia es una de las que aparecerán en la película que están haciendo los estudiantes de IVCF Canadá.</p>
<p>La película se usará para formar a los estudiantes para evangelizar en el contexto específico de Canadá. Hogan, un obrero, compartió:</p>

<div class="wp-block block-core-quote">
<blockquote class="wp-block-quote is-layout-flow wp-block-quote-is-layout-flow"><p> «Muchos estudiantes cristianos no comparten el Evangelio. Les preocupa que no puedan responder a las preguntas, por lo que presuponen que sus amigos se sentirán ofendidos o no tendrán interés. Nuestra oración es que este recurso ayude a los estudiantes a aumentar su confianza en su propia evangelización y que se animen porque Dios está atrayendo a los estudiantes para que le conozcan.» </p></blockquote>
</div>

<p>Únete a nosotros y oremos por esta iniciativa:</p>
<ul>
<li>Ora para que Dios ayude a los que están trabajando en los aspectos técnicos de la película.</li>
<li>Ora para que los estudiantes cristianos en Canadá cobren ánimo para implicarse en la evangelización personal en el campus.</li>
</ul>
<p>¡Gracias por orar con nosotros!</p>
<p><em>Esta iniciativa cuenta con el apoyo de una beca para la Innovación de IFES. </em></p>

<!-- This site is optimized with the Yoast SEO plugin v27.2 - https://yoast.com/product/yoast-seo-wordpress/ -->
<title>Ora por lo estudiantes que estn grabando una pelcula en Canad &#183; IFES Prayerline</title>
<meta name="description" content="&quot;Pensaba que la Biblia era algo que la gente colocaba en las habitaciones de hotel, y que Jesús no era más que una figura metafórica. No creía que fuera" />
<meta name="robots" content="index, follow, max-snippet:-1, max-image-preview:large, max-video-preview:-1" />
<link rel="canonical" href="https://ifesworld.org/es/prayerline/ora-por-lo-estudiantes-que-estn-grabando-una-pelcula-en-canad/" />
<meta property="og:locale" content="es_ES" />
<meta property="og:type" content="article" />
<meta property="og:title" content="Ora por lo estudiantes que estn grabando una pelcula en Canad &#183; IFES Prayerline" />
<meta property="og:description" content="&quot;Pensaba que la Biblia era algo que la gente colocaba en las habitaciones de hotel, y que Jesús no era más que una figura metafórica. No creía que fuera" />
<meta property="og:url" content="https://ifesworld.org/es/prayerline/ora-por-lo-estudiantes-que-estn-grabando-una-pelcula-en-canad/" />
<meta property="og:site_name" content="IFES" />
<meta property="article:modified_time" content="2019-06-05T14:03:06+00:00" />
<meta property="og:image" content="https://ifesworld.org/wp-content/uploads/2018/04/180424jpg.jpg" />
	<meta property="og:image:width" content="1280" />
	<meta property="og:image:height" content="720" />
	<meta property="og:image:type" content="image/jpeg" />
<meta name="twitter:card" content="summary_large_image" />
<meta name="twitter:label1" content="Tiempo de lectura" />
	<meta name="twitter:data1" content="1 minuto" />
<script type="application/ld+json" class="yoast-schema-graph">{"@context":"https://schema.org","@graph":[{"@type":"WebPage","@id":"https://ifesworld.org/es/prayerline/ora-por-lo-estudiantes-que-estn-grabando-una-pelcula-en-canad/","url":"https://ifesworld.org/es/prayerline/ora-por-lo-estudiantes-que-estn-grabando-una-pelcula-en-canad/","name":"Ora por lo estudiantes que estn grabando una pelcula en Canad &#183; IFES Prayerline","isPartOf":{"@id":"https://ifesworld.org/es/#website"},"primaryImageOfPage":{"@id":"https://ifesworld.org/es/prayerline/ora-por-lo-estudiantes-que-estn-grabando-una-pelcula-en-canad/#primaryimage"},"image":{"@id":"https://ifesworld.org/es/prayerline/ora-por-lo-estudiantes-que-estn-grabando-una-pelcula-en-canad/#primaryimage"},"thumbnailUrl":"https://ifesworld.org/wp-content/uploads/2018/04/180424jpg.jpg","datePublished":"2018-04-24T21:00:00+00:00","dateModified":"2019-06-05T14:03:06+00:00","description":"\"Pensaba que la Biblia era algo que la gente colocaba en las habitaciones de hotel, y que Jesús no era más que una figura metafórica. No creía que fuera","breadcrumb":{"@id":"https://ifesworld.org/es/prayerline/ora-por-lo-estudiantes-que-estn-grabando-una-pelcula-en-canad/#breadcrumb"},"inLanguage":"es","potentialAction":[{"@type":"ReadAction","target":["https://ifesworld.org/es/prayerline/ora-por-lo-estudiantes-que-estn-grabando-una-pelcula-en-canad/"]}]},{"@type":"ImageObject","inLanguage":"es","@id":"https://ifesworld.org/es/prayerline/ora-por-lo-estudiantes-que-estn-grabando-una-pelcula-en-canad/#primaryimage","url":"https://ifesworld.org/wp-content/uploads/2018/04/180424jpg.jpg","contentUrl":"https://ifesworld.org/wp-content/uploads/2018/04/180424jpg.jpg","width":1280,"height":720,"caption":"180424-Canada"},{"@type":"BreadcrumbList","@id":"https://ifesworld.org/es/prayerline/ora-por-lo-estudiantes-que-estn-grabando-una-pelcula-en-canad/#breadcrumb","itemListElement":[{"@type":"ListItem","position":1,"name":"Home","item":"https://ifesworld.org/es/"},{"@type":"ListItem","position":2,"name":"Prayerline","item":"https://ifesworld.org/en/prayerline/"},{"@type":"ListItem","position":3,"name":"Ora por lo estudiantes que estn grabando una pelcula en Canad"}]},{"@type":"WebSite","@id":"https://ifesworld.org/es/#website","url":"https://ifesworld.org/es/","name":"IFES","description":"A movement of students sharing and living out the good news of Jesus Christ. Locally. Nationally. Globally.","publisher":{"@id":"https://ifesworld.org/es/#organization"},"potentialAction":[{"@type":"SearchAction","target":{"@type":"EntryPoint","urlTemplate":"https://ifesworld.org/es/?s={search_term_string}"},"query-input":{"@type":"PropertyValueSpecification","valueRequired":true,"valueName":"search_term_string"}}],"inLanguage":"es"},{"@type":"Organization","@id":"https://ifesworld.org/es/#organization","name":"IFES · International Fellowship of Evangelical Students","url":"https://ifesworld.org/es/","logo":{"@type":"ImageObject","inLanguage":"es","@id":"https://ifesworld.org/es/#/schema/logo/image/","url":"https://ifesworld.org/wp-content/uploads/2019/06/ifeslogo.png","contentUrl":"https://ifesworld.org/wp-content/uploads/2019/06/ifeslogo.png","width":262,"height":262,"caption":"IFES · International Fellowship of Evangelical Students"},"image":{"@id":"https://ifesworld.org/es/#/schema/logo/image/"}}]}</script>
<!-- / Yoast SEO plugin. -->

"Pensaba que la Biblia era algo que la gente colocaba en las habitaciones de hotel, y que Jesús no era más que una figura metafórica. No creía que fuera
