{"id":2224,"date":"2019-02-26T15:00:00","date_gmt":"2019-02-26T15:00:00","guid":{"rendered":"https:\/\/ifesworld.org\/prayerline\/no-nos-callaremos\/"},"modified":"2019-05-24T13:57:30","modified_gmt":"2019-05-24T13:57:30","slug":"no-nos-callaremos","status":"publish","type":"prayerline","link":"https:\/\/ifesworld.org\/es\/prayerline\/no-nos-callaremos\/","title":{"rendered":"\u00abNo nos callaremos.\u00bb"},"content":{"rendered":"<p>&#8216;Ante esta situaci\u00f3n, \u00bfc\u00f3mo deber\u00edamos actuar los cristianos? \u00bfQu\u00e9 deber\u00edamos hacer como j\u00f3venes universitarios cristianos?&#8217;<\/p>\n<p>Fueron las preguntas de los estudiantes de IVF, el movimiento IFES de Corea del Sur, como reacci\u00f3n a la crisis de los refugiados. En junio del a\u00f1o pasado, 550 refugiados del Yemen entraron en Corea. Tal afluencia ha levantado protestas tanto de los que est\u00e1n a favor como de los que est\u00e1n en contra.<\/p>\n<p>Los estudiantes de IVF de la Universidad Sangmyung sent\u00edan que no pod\u00edan quedarse callados. Pero tampoco sab\u00edan qu\u00e9 hacer. Primero decidieron investigar la situaci\u00f3n de los refugiados e invitar a un miembro del personal de IVF que hab\u00eda pasado tiempo con refugiados del Yemen para que compartiera su experiencia. Tras o\u00edr sobre la situaci\u00f3n del Yemen y el devastador impacto que ejerce en las personas, abandonaron algunas ideas err\u00f3neas. Y ahora quer\u00edan actuar.<\/p>\n<p>El grupo decidi\u00f3 llevar a cabo una campa\u00f1a de dos d\u00edas en el campus para concienciar a la gente y recaudar fondos para los refugiados en colaboraci\u00f3n con una ONG coreana. Sin saber cu\u00e1l ser\u00eda la recepci\u00f3n en el campus, pidieron ayuda a Dios.<\/p>\n<p>Fue un placer para ellos ver que muchos estudiantes y profesores mostraron inter\u00e9s. Cuando los estudiantes les preguntaban qui\u00e9nes eran y por qu\u00e9 hac\u00edan eso, respond\u00edan lo siguiente: &#8216;Somos IVF. Lo hacemos porque somos cristianos.&#8217;<\/p>\n<p>\u00danete a nosotros en oraci\u00f3n:<\/p>\n<ul>\n<li>Ora por que los estudiantes de IVF muestren sabidur\u00eda y sepan c\u00f3mo brindar apoyo a los refugiados del Yemen.<\/li>\n<li>Ora por los estudiantes refugiados del Yemen, para que encuentren la ayuda pr\u00e1ctica, emocional, financiera y espiritual que necesitan.<\/li>\n<li>Ora por los estudiantes que entraron en contacto con IVF a trav\u00e9s de la campa\u00f1a, para que se interesen por descubrir m\u00e1s acerca de la justicia y compasi\u00f3n de Dios. Ora para que surjan oportunidades de seguimiento y de investigar la fe cristiana con ellos.<\/li>\n<\/ul>\n<p>\u00a1Gracias por orar con nosotros!<\/p>\n","protected":false},"featured_media":2148,"template":"","area":[455,505],"theme":[1247],"class_list":["post-2224","prayerline","type-prayerline","status-publish","has-post-thumbnail","hentry","area-east-asia","area-south-korea","theme-obra-social"],"acf":[],"yoast_head":"<!-- This site is optimized with the Yoast SEO plugin v27.2 - https:\/\/yoast.com\/product\/yoast-seo-wordpress\/ -->\n<title>&quot;No nos callaremos.&quot; &#183; IFES Prayerline<\/title>\n<meta name=\"description\" content=\"&#039;Ante esta situaci\u00f3n, \u00bfc\u00f3mo deber\u00edamos actuar los cristianos? \u00bfQu\u00e9 deber\u00edamos hacer como j\u00f3venes universitarios cristianos?&#039; Fueron las preguntas de los\" \/>\n<meta name=\"robots\" content=\"index, follow, max-snippet:-1, max-image-preview:large, max-video-preview:-1\" \/>\n<link rel=\"canonical\" href=\"https:\/\/ifesworld.org\/en\/prayerline\/we-will-not-keep-silent\/\" \/>\n<meta property=\"og:locale\" content=\"es_ES\" \/>\n<meta property=\"og:type\" content=\"article\" \/>\n<meta property=\"og:title\" content=\"&quot;No nos callaremos.&quot; &#183; IFES Prayerline\" \/>\n<meta property=\"og:description\" content=\"&#039;Ante esta situaci\u00f3n, \u00bfc\u00f3mo deber\u00edamos actuar los cristianos? \u00bfQu\u00e9 deber\u00edamos hacer como j\u00f3venes universitarios cristianos?&#039; Fueron las preguntas de los\" \/>\n<meta property=\"og:url\" content=\"https:\/\/ifesworld.org\/en\/prayerline\/we-will-not-keep-silent\/\" \/>\n<meta property=\"og:site_name\" content=\"IFES\" \/>\n<meta property=\"article:modified_time\" content=\"2019-05-24T13:57:30+00:00\" \/>\n<meta property=\"og:image\" content=\"https:\/\/ifesworld.org\/wp-content\/uploads\/2019\/05\/190226_PL-Korea_-Refugee_seminar02.jpg\" \/>\n\t<meta property=\"og:image:width\" content=\"1280\" \/>\n\t<meta property=\"og:image:height\" content=\"720\" \/>\n\t<meta property=\"og:image:type\" content=\"image\/jpeg\" \/>\n<meta name=\"twitter:card\" content=\"summary_large_image\" \/>\n<meta name=\"twitter:label1\" content=\"Tiempo de lectura\" \/>\n\t<meta name=\"twitter:data1\" content=\"2 minutos\" \/>\n<script type=\"application\/ld+json\" class=\"yoast-schema-graph\">{\"@context\":\"https:\/\/schema.org\",\"@graph\":[{\"@type\":\"WebPage\",\"@id\":\"https:\/\/ifesworld.org\/en\/prayerline\/we-will-not-keep-silent\/\",\"url\":\"https:\/\/ifesworld.org\/en\/prayerline\/we-will-not-keep-silent\/\",\"name\":\"\\\"No nos callaremos.\\\" &#183; IFES Prayerline\",\"isPartOf\":{\"@id\":\"https:\/\/ifesworld.org\/es\/#website\"},\"primaryImageOfPage\":{\"@id\":\"https:\/\/ifesworld.org\/en\/prayerline\/we-will-not-keep-silent\/#primaryimage\"},\"image\":{\"@id\":\"https:\/\/ifesworld.org\/en\/prayerline\/we-will-not-keep-silent\/#primaryimage\"},\"thumbnailUrl\":\"https:\/\/ifesworld.org\/wp-content\/uploads\/2019\/05\/190226_PL-Korea_-Refugee_seminar02.jpg\",\"datePublished\":\"2019-02-26T15:00:00+00:00\",\"dateModified\":\"2019-05-24T13:57:30+00:00\",\"description\":\"'Ante esta situaci\u00f3n, \u00bfc\u00f3mo deber\u00edamos actuar los cristianos? \u00bfQu\u00e9 deber\u00edamos hacer como j\u00f3venes universitarios cristianos?' Fueron las preguntas de los\",\"breadcrumb\":{\"@id\":\"https:\/\/ifesworld.org\/en\/prayerline\/we-will-not-keep-silent\/#breadcrumb\"},\"inLanguage\":\"es\",\"potentialAction\":[{\"@type\":\"ReadAction\",\"target\":[\"https:\/\/ifesworld.org\/en\/prayerline\/we-will-not-keep-silent\/\"]}]},{\"@type\":\"ImageObject\",\"inLanguage\":\"es\",\"@id\":\"https:\/\/ifesworld.org\/en\/prayerline\/we-will-not-keep-silent\/#primaryimage\",\"url\":\"https:\/\/ifesworld.org\/wp-content\/uploads\/2019\/05\/190226_PL-Korea_-Refugee_seminar02.jpg\",\"contentUrl\":\"https:\/\/ifesworld.org\/wp-content\/uploads\/2019\/05\/190226_PL-Korea_-Refugee_seminar02.jpg\",\"width\":1280,\"height\":720},{\"@type\":\"BreadcrumbList\",\"@id\":\"https:\/\/ifesworld.org\/en\/prayerline\/we-will-not-keep-silent\/#breadcrumb\",\"itemListElement\":[{\"@type\":\"ListItem\",\"position\":1,\"name\":\"Home\",\"item\":\"https:\/\/ifesworld.org\/es\/\"},{\"@type\":\"ListItem\",\"position\":2,\"name\":\"Prayerline\",\"item\":\"https:\/\/ifesworld.org\/en\/prayerline\/\"},{\"@type\":\"ListItem\",\"position\":3,\"name\":\"&#8220;No nos callaremos.&#8221;\"}]},{\"@type\":\"WebSite\",\"@id\":\"https:\/\/ifesworld.org\/es\/#website\",\"url\":\"https:\/\/ifesworld.org\/es\/\",\"name\":\"IFES\",\"description\":\"A movement of students sharing and living out the good news of Jesus Christ. Locally. Nationally. Globally.\",\"publisher\":{\"@id\":\"https:\/\/ifesworld.org\/es\/#organization\"},\"potentialAction\":[{\"@type\":\"SearchAction\",\"target\":{\"@type\":\"EntryPoint\",\"urlTemplate\":\"https:\/\/ifesworld.org\/es\/?s={search_term_string}\"},\"query-input\":{\"@type\":\"PropertyValueSpecification\",\"valueRequired\":true,\"valueName\":\"search_term_string\"}}],\"inLanguage\":\"es\"},{\"@type\":\"Organization\",\"@id\":\"https:\/\/ifesworld.org\/es\/#organization\",\"name\":\"IFES \u00b7 International Fellowship of Evangelical Students\",\"url\":\"https:\/\/ifesworld.org\/es\/\",\"logo\":{\"@type\":\"ImageObject\",\"inLanguage\":\"es\",\"@id\":\"https:\/\/ifesworld.org\/es\/#\/schema\/logo\/image\/\",\"url\":\"https:\/\/ifesworld.org\/wp-content\/uploads\/2019\/06\/ifeslogo.png\",\"contentUrl\":\"https:\/\/ifesworld.org\/wp-content\/uploads\/2019\/06\/ifeslogo.png\",\"width\":262,\"height\":262,\"caption\":\"IFES \u00b7 International Fellowship of Evangelical Students\"},\"image\":{\"@id\":\"https:\/\/ifesworld.org\/es\/#\/schema\/logo\/image\/\"}}]}<\/script>\n<!-- \/ Yoast SEO plugin. -->","yoast_head_json":{"title":"\"No nos callaremos.\" &#183; IFES Prayerline","description":"'Ante esta situaci\u00f3n, \u00bfc\u00f3mo deber\u00edamos actuar los cristianos? \u00bfQu\u00e9 deber\u00edamos hacer como j\u00f3venes universitarios cristianos?' Fueron las preguntas de los","robots":{"index":"index","follow":"follow","max-snippet":"max-snippet:-1","max-image-preview":"max-image-preview:large","max-video-preview":"max-video-preview:-1"},"canonical":"https:\/\/ifesworld.org\/en\/prayerline\/we-will-not-keep-silent\/","og_locale":"es_ES","og_type":"article","og_title":"\"No nos callaremos.\" &#183; IFES Prayerline","og_description":"'Ante esta situaci\u00f3n, \u00bfc\u00f3mo deber\u00edamos actuar los cristianos? \u00bfQu\u00e9 deber\u00edamos hacer como j\u00f3venes universitarios cristianos?' Fueron las preguntas de los","og_url":"https:\/\/ifesworld.org\/en\/prayerline\/we-will-not-keep-silent\/","og_site_name":"IFES","article_modified_time":"2019-05-24T13:57:30+00:00","og_image":[{"width":1280,"height":720,"url":"https:\/\/ifesworld.org\/wp-content\/uploads\/2019\/05\/190226_PL-Korea_-Refugee_seminar02.jpg","type":"image\/jpeg"}],"twitter_card":"summary_large_image","twitter_misc":{"Tiempo de lectura":"2 minutos"},"schema":{"@context":"https:\/\/schema.org","@graph":[{"@type":"WebPage","@id":"https:\/\/ifesworld.org\/en\/prayerline\/we-will-not-keep-silent\/","url":"https:\/\/ifesworld.org\/en\/prayerline\/we-will-not-keep-silent\/","name":"\"No nos callaremos.\" &#183; IFES Prayerline","isPartOf":{"@id":"https:\/\/ifesworld.org\/es\/#website"},"primaryImageOfPage":{"@id":"https:\/\/ifesworld.org\/en\/prayerline\/we-will-not-keep-silent\/#primaryimage"},"image":{"@id":"https:\/\/ifesworld.org\/en\/prayerline\/we-will-not-keep-silent\/#primaryimage"},"thumbnailUrl":"https:\/\/ifesworld.org\/wp-content\/uploads\/2019\/05\/190226_PL-Korea_-Refugee_seminar02.jpg","datePublished":"2019-02-26T15:00:00+00:00","dateModified":"2019-05-24T13:57:30+00:00","description":"'Ante esta situaci\u00f3n, \u00bfc\u00f3mo deber\u00edamos actuar los cristianos? \u00bfQu\u00e9 deber\u00edamos hacer como j\u00f3venes universitarios cristianos?' Fueron las preguntas de los","breadcrumb":{"@id":"https:\/\/ifesworld.org\/en\/prayerline\/we-will-not-keep-silent\/#breadcrumb"},"inLanguage":"es","potentialAction":[{"@type":"ReadAction","target":["https:\/\/ifesworld.org\/en\/prayerline\/we-will-not-keep-silent\/"]}]},{"@type":"ImageObject","inLanguage":"es","@id":"https:\/\/ifesworld.org\/en\/prayerline\/we-will-not-keep-silent\/#primaryimage","url":"https:\/\/ifesworld.org\/wp-content\/uploads\/2019\/05\/190226_PL-Korea_-Refugee_seminar02.jpg","contentUrl":"https:\/\/ifesworld.org\/wp-content\/uploads\/2019\/05\/190226_PL-Korea_-Refugee_seminar02.jpg","width":1280,"height":720},{"@type":"BreadcrumbList","@id":"https:\/\/ifesworld.org\/en\/prayerline\/we-will-not-keep-silent\/#breadcrumb","itemListElement":[{"@type":"ListItem","position":1,"name":"Home","item":"https:\/\/ifesworld.org\/es\/"},{"@type":"ListItem","position":2,"name":"Prayerline","item":"https:\/\/ifesworld.org\/en\/prayerline\/"},{"@type":"ListItem","position":3,"name":"&#8220;No nos callaremos.&#8221;"}]},{"@type":"WebSite","@id":"https:\/\/ifesworld.org\/es\/#website","url":"https:\/\/ifesworld.org\/es\/","name":"IFES","description":"A movement of students sharing and living out the good news of Jesus Christ. Locally. Nationally. Globally.","publisher":{"@id":"https:\/\/ifesworld.org\/es\/#organization"},"potentialAction":[{"@type":"SearchAction","target":{"@type":"EntryPoint","urlTemplate":"https:\/\/ifesworld.org\/es\/?s={search_term_string}"},"query-input":{"@type":"PropertyValueSpecification","valueRequired":true,"valueName":"search_term_string"}}],"inLanguage":"es"},{"@type":"Organization","@id":"https:\/\/ifesworld.org\/es\/#organization","name":"IFES \u00b7 International Fellowship of Evangelical Students","url":"https:\/\/ifesworld.org\/es\/","logo":{"@type":"ImageObject","inLanguage":"es","@id":"https:\/\/ifesworld.org\/es\/#\/schema\/logo\/image\/","url":"https:\/\/ifesworld.org\/wp-content\/uploads\/2019\/06\/ifeslogo.png","contentUrl":"https:\/\/ifesworld.org\/wp-content\/uploads\/2019\/06\/ifeslogo.png","width":262,"height":262,"caption":"IFES \u00b7 International Fellowship of Evangelical Students"},"image":{"@id":"https:\/\/ifesworld.org\/es\/#\/schema\/logo\/image\/"}}]}},"_links":{"self":[{"href":"https:\/\/ifesworld.org\/es\/wp-json\/wp\/v2\/prayerline\/2224","targetHints":{"allow":["GET"]}}],"collection":[{"href":"https:\/\/ifesworld.org\/es\/wp-json\/wp\/v2\/prayerline"}],"about":[{"href":"https:\/\/ifesworld.org\/es\/wp-json\/wp\/v2\/types\/prayerline"}],"wp:featuredmedia":[{"embeddable":true,"href":"https:\/\/ifesworld.org\/es\/wp-json\/wp\/v2\/media\/2148"}],"wp:attachment":[{"href":"https:\/\/ifesworld.org\/es\/wp-json\/wp\/v2\/media?parent=2224"}],"wp:term":[{"taxonomy":"area","embeddable":true,"href":"https:\/\/ifesworld.org\/es\/wp-json\/wp\/v2\/area?post=2224"},{"taxonomy":"theme","embeddable":true,"href":"https:\/\/ifesworld.org\/es\/wp-json\/wp\/v2\/theme?post=2224"}],"curies":[{"name":"wp","href":"https:\/\/api.w.org\/{rel}","templated":true}]}}

<p>&#8216;Ante esta situación, ¿cómo deberíamos actuar los cristianos? ¿Qué deberíamos hacer como jóvenes universitarios cristianos?&#8217;</p>
<p>Fueron las preguntas de los estudiantes de IVF, el movimiento IFES de Corea del Sur, como reacción a la crisis de los refugiados. En junio del año pasado, 550 refugiados del Yemen entraron en Corea. Tal afluencia ha levantado protestas tanto de los que están a favor como de los que están en contra.</p>
<p>Los estudiantes de IVF de la Universidad Sangmyung sentían que no podían quedarse callados. Pero tampoco sabían qué hacer. Primero decidieron investigar la situación de los refugiados e invitar a un miembro del personal de IVF que había pasado tiempo con refugiados del Yemen para que compartiera su experiencia. Tras oír sobre la situación del Yemen y el devastador impacto que ejerce en las personas, abandonaron algunas ideas erróneas. Y ahora querían actuar.</p>
<p>El grupo decidió llevar a cabo una campaña de dos días en el campus para concienciar a la gente y recaudar fondos para los refugiados en colaboración con una ONG coreana. Sin saber cuál sería la recepción en el campus, pidieron ayuda a Dios.</p>
<p>Fue un placer para ellos ver que muchos estudiantes y profesores mostraron interés. Cuando los estudiantes les preguntaban quiénes eran y por qué hacían eso, respondían lo siguiente: &#8216;Somos IVF. Lo hacemos porque somos cristianos.&#8217;</p>
<p>Únete a nosotros en oración:</p>
<ul>
<li>Ora por que los estudiantes de IVF muestren sabiduría y sepan cómo brindar apoyo a los refugiados del Yemen.</li>
<li>Ora por los estudiantes refugiados del Yemen, para que encuentren la ayuda práctica, emocional, financiera y espiritual que necesitan.</li>
<li>Ora por los estudiantes que entraron en contacto con IVF a través de la campaña, para que se interesen por descubrir más acerca de la justicia y compasión de Dios. Ora para que surjan oportunidades de seguimiento y de investigar la fe cristiana con ellos.</li>
</ul>
<p>¡Gracias por orar con nosotros!</p>

<!-- This site is optimized with the Yoast SEO plugin v27.2 - https://yoast.com/product/yoast-seo-wordpress/ -->
<title>&quot;No nos callaremos.&quot; &#183; IFES Prayerline</title>
<meta name="description" content="&#039;Ante esta situación, ¿cómo deberíamos actuar los cristianos? ¿Qué deberíamos hacer como jóvenes universitarios cristianos?&#039; Fueron las preguntas de los" />
<meta name="robots" content="index, follow, max-snippet:-1, max-image-preview:large, max-video-preview:-1" />
<link rel="canonical" href="https://ifesworld.org/en/prayerline/we-will-not-keep-silent/" />
<meta property="og:locale" content="es_ES" />
<meta property="og:type" content="article" />
<meta property="og:title" content="&quot;No nos callaremos.&quot; &#183; IFES Prayerline" />
<meta property="og:description" content="&#039;Ante esta situación, ¿cómo deberíamos actuar los cristianos? ¿Qué deberíamos hacer como jóvenes universitarios cristianos?&#039; Fueron las preguntas de los" />
<meta property="og:url" content="https://ifesworld.org/en/prayerline/we-will-not-keep-silent/" />
<meta property="og:site_name" content="IFES" />
<meta property="article:modified_time" content="2019-05-24T13:57:30+00:00" />
<meta property="og:image" content="https://ifesworld.org/wp-content/uploads/2019/05/190226_PL-Korea_-Refugee_seminar02.jpg" />
	<meta property="og:image:width" content="1280" />
	<meta property="og:image:height" content="720" />
	<meta property="og:image:type" content="image/jpeg" />
<meta name="twitter:card" content="summary_large_image" />
<meta name="twitter:label1" content="Tiempo de lectura" />
	<meta name="twitter:data1" content="2 minutos" />
<script type="application/ld+json" class="yoast-schema-graph">{"@context":"https://schema.org","@graph":[{"@type":"WebPage","@id":"https://ifesworld.org/en/prayerline/we-will-not-keep-silent/","url":"https://ifesworld.org/en/prayerline/we-will-not-keep-silent/","name":"\"No nos callaremos.\" &#183; IFES Prayerline","isPartOf":{"@id":"https://ifesworld.org/es/#website"},"primaryImageOfPage":{"@id":"https://ifesworld.org/en/prayerline/we-will-not-keep-silent/#primaryimage"},"image":{"@id":"https://ifesworld.org/en/prayerline/we-will-not-keep-silent/#primaryimage"},"thumbnailUrl":"https://ifesworld.org/wp-content/uploads/2019/05/190226_PL-Korea_-Refugee_seminar02.jpg","datePublished":"2019-02-26T15:00:00+00:00","dateModified":"2019-05-24T13:57:30+00:00","description":"'Ante esta situación, ¿cómo deberíamos actuar los cristianos? ¿Qué deberíamos hacer como jóvenes universitarios cristianos?' Fueron las preguntas de los","breadcrumb":{"@id":"https://ifesworld.org/en/prayerline/we-will-not-keep-silent/#breadcrumb"},"inLanguage":"es","potentialAction":[{"@type":"ReadAction","target":["https://ifesworld.org/en/prayerline/we-will-not-keep-silent/"]}]},{"@type":"ImageObject","inLanguage":"es","@id":"https://ifesworld.org/en/prayerline/we-will-not-keep-silent/#primaryimage","url":"https://ifesworld.org/wp-content/uploads/2019/05/190226_PL-Korea_-Refugee_seminar02.jpg","contentUrl":"https://ifesworld.org/wp-content/uploads/2019/05/190226_PL-Korea_-Refugee_seminar02.jpg","width":1280,"height":720},{"@type":"BreadcrumbList","@id":"https://ifesworld.org/en/prayerline/we-will-not-keep-silent/#breadcrumb","itemListElement":[{"@type":"ListItem","position":1,"name":"Home","item":"https://ifesworld.org/es/"},{"@type":"ListItem","position":2,"name":"Prayerline","item":"https://ifesworld.org/en/prayerline/"},{"@type":"ListItem","position":3,"name":"&#8220;No nos callaremos.&#8221;"}]},{"@type":"WebSite","@id":"https://ifesworld.org/es/#website","url":"https://ifesworld.org/es/","name":"IFES","description":"A movement of students sharing and living out the good news of Jesus Christ. Locally. Nationally. Globally.","publisher":{"@id":"https://ifesworld.org/es/#organization"},"potentialAction":[{"@type":"SearchAction","target":{"@type":"EntryPoint","urlTemplate":"https://ifesworld.org/es/?s={search_term_string}"},"query-input":{"@type":"PropertyValueSpecification","valueRequired":true,"valueName":"search_term_string"}}],"inLanguage":"es"},{"@type":"Organization","@id":"https://ifesworld.org/es/#organization","name":"IFES · International Fellowship of Evangelical Students","url":"https://ifesworld.org/es/","logo":{"@type":"ImageObject","inLanguage":"es","@id":"https://ifesworld.org/es/#/schema/logo/image/","url":"https://ifesworld.org/wp-content/uploads/2019/06/ifeslogo.png","contentUrl":"https://ifesworld.org/wp-content/uploads/2019/06/ifeslogo.png","width":262,"height":262,"caption":"IFES · International Fellowship of Evangelical Students"},"image":{"@id":"https://ifesworld.org/es/#/schema/logo/image/"}}]}</script>
<!-- / Yoast SEO plugin. -->

'Ante esta situación, ¿cómo deberíamos actuar los cristianos? ¿Qué deberíamos hacer como jóvenes universitarios cristianos?' Fueron las preguntas de los
