{"id":2221,"date":"2018-10-09T15:00:00","date_gmt":"2018-10-09T15:00:00","guid":{"rendered":"https:\/\/ifesworld.org\/prayerline\/las-presiones-familiares-y-economicas\/"},"modified":"2019-05-29T15:46:19","modified_gmt":"2019-05-29T15:46:19","slug":"las-presiones-familiares-y-economicas","status":"publish","type":"prayerline","link":"https:\/\/ifesworld.org\/es\/prayerline\/las-presiones-familiares-y-economicas\/","title":{"rendered":"Las presiones familiares y econ\u00f3micas"},"content":{"rendered":"<p>Kadie* estaba en una situaci\u00f3n desesperada. Estaba llorando la muerte de su padre, que falleci\u00f3 durante las inundaciones que asolaron Sierra Leona el a\u00f1o pasado. Tambi\u00e9n estaba afrontando la tarea imposible de tener que pagar sus propias tasas para estudiar medicina. Simplemente, carec\u00eda del dinero. La historia de Kadie lleg\u00f3 a o\u00eddos de la comunidad de SLEFES Sierra Leona, y decidieron recaudar fondos para pagar sus estudios. Eso les dio la oportunidad de compartir el Evangelio con ella. \u00ab\u00bfC\u00f3mo puedo saber que esto es Dios\u00bb, pregunt\u00f3. Hoy, Kadie sigue a Jes\u00fas y est\u00e1 comprometida con su grupo estudantil.<\/p>\n<p>Dado que Sierra Leona es un pa\u00eds de mayor\u00eda musulmana, la vida puede resultar muy complicada para los estudiantes que empiezan a seguir a Jes\u00fas. Otra estudiante de medicina, Mariatu tambi\u00e9n conoci\u00f3 a Cristo. Tristemente, sus padres no lo aceptan. Por ahora, sigue visti\u00e9ndose con los atav\u00edos musulmanes y tiene que reunirse con los cristianos en secreto.<\/p>\n<p>\u00danete a nosotros en oraci\u00f3n por estos estudiantes.<\/p>\n<ul>\n<li>Alabemos a Dios por su obra transformadora en las vidas de Kadie y Mariatu.<\/li>\n<li>Ora para que Kadie tenga los fondos que necesita para terminar su formaci\u00f3n en medicina y oremos por su familia mientras lamentan la p\u00e9rdida de su padre.<\/li>\n<li>Ora para que Dios ablande los corazones de los padres de Mariatu y que un d\u00eda la familia entera llegue a conocerle. Ora para que Mariatu tenga la sabidur\u00eda y el valor para dar testimonio ante ellos.<\/li>\n<li>Ora para que Dios bendiga el ministerio de SLEFES, atrayendo a muchos m\u00e1s estudiantes de trasfondo musulm\u00e1n para que conozcan a Cristo este a\u00f1o.No es su nombre real.<\/li>\n<\/ul>\n<p>\u00a1Gracias por orar con nosotros!<\/p>\n","protected":false},"featured_media":2846,"template":"","area":[456,527],"theme":[1243],"class_list":["post-2221","prayerline","type-prayerline","status-publish","has-post-thumbnail","hentry","area-epsa","area-sierra-leone","theme-ministerio-con-musulmanes"],"acf":[],"yoast_head":"<!-- This site is optimized with the Yoast SEO plugin v27.2 - https:\/\/yoast.com\/product\/yoast-seo-wordpress\/ -->\n<title>Las presiones familiares y econ\u00f3micas &#183; IFES Prayerline<\/title>\n<meta name=\"description\" content=\"Kadie* estaba en una situaci\u00f3n desesperada. Estaba llorando la muerte de su padre, que falleci\u00f3 durante las inundaciones que asolaron Sierra Leona el a\u00f1o\" \/>\n<meta name=\"robots\" content=\"index, follow, max-snippet:-1, max-image-preview:large, max-video-preview:-1\" \/>\n<link rel=\"canonical\" href=\"https:\/\/ifesworld.org\/es\/prayerline\/las-presiones-familiares-y-economicas\/\" \/>\n<meta property=\"og:locale\" content=\"es_ES\" \/>\n<meta property=\"og:type\" content=\"article\" \/>\n<meta property=\"og:title\" content=\"Las presiones familiares y econ\u00f3micas &#183; IFES Prayerline\" \/>\n<meta property=\"og:description\" content=\"Kadie* estaba en una situaci\u00f3n desesperada. Estaba llorando la muerte de su padre, que falleci\u00f3 durante las inundaciones que asolaron Sierra Leona el a\u00f1o\" \/>\n<meta property=\"og:url\" content=\"https:\/\/ifesworld.org\/es\/prayerline\/las-presiones-familiares-y-economicas\/\" \/>\n<meta property=\"og:site_name\" content=\"IFES\" \/>\n<meta property=\"article:modified_time\" content=\"2019-05-29T15:46:19+00:00\" \/>\n<meta property=\"og:image\" content=\"https:\/\/ifesworld.org\/wp-content\/uploads\/2018\/10\/181009-Kenema.jpg\" \/>\n\t<meta property=\"og:image:width\" content=\"1280\" \/>\n\t<meta property=\"og:image:height\" content=\"720\" \/>\n\t<meta property=\"og:image:type\" content=\"image\/jpeg\" \/>\n<meta name=\"twitter:card\" content=\"summary_large_image\" \/>\n<meta name=\"twitter:label1\" content=\"Tiempo de lectura\" \/>\n\t<meta name=\"twitter:data1\" content=\"1 minuto\" \/>\n<script type=\"application\/ld+json\" class=\"yoast-schema-graph\">{\"@context\":\"https:\/\/schema.org\",\"@graph\":[{\"@type\":\"WebPage\",\"@id\":\"https:\/\/ifesworld.org\/es\/prayerline\/las-presiones-familiares-y-economicas\/\",\"url\":\"https:\/\/ifesworld.org\/es\/prayerline\/las-presiones-familiares-y-economicas\/\",\"name\":\"Las presiones familiares y econ\u00f3micas &#183; IFES Prayerline\",\"isPartOf\":{\"@id\":\"https:\/\/ifesworld.org\/es\/#website\"},\"primaryImageOfPage\":{\"@id\":\"https:\/\/ifesworld.org\/es\/prayerline\/las-presiones-familiares-y-economicas\/#primaryimage\"},\"image\":{\"@id\":\"https:\/\/ifesworld.org\/es\/prayerline\/las-presiones-familiares-y-economicas\/#primaryimage\"},\"thumbnailUrl\":\"https:\/\/ifesworld.org\/wp-content\/uploads\/2018\/10\/181009-Kenema.jpg\",\"datePublished\":\"2018-10-09T15:00:00+00:00\",\"dateModified\":\"2019-05-29T15:46:19+00:00\",\"description\":\"Kadie* estaba en una situaci\u00f3n desesperada. Estaba llorando la muerte de su padre, que falleci\u00f3 durante las inundaciones que asolaron Sierra Leona el a\u00f1o\",\"breadcrumb\":{\"@id\":\"https:\/\/ifesworld.org\/es\/prayerline\/las-presiones-familiares-y-economicas\/#breadcrumb\"},\"inLanguage\":\"es\",\"potentialAction\":[{\"@type\":\"ReadAction\",\"target\":[\"https:\/\/ifesworld.org\/es\/prayerline\/las-presiones-familiares-y-economicas\/\"]}]},{\"@type\":\"ImageObject\",\"inLanguage\":\"es\",\"@id\":\"https:\/\/ifesworld.org\/es\/prayerline\/las-presiones-familiares-y-economicas\/#primaryimage\",\"url\":\"https:\/\/ifesworld.org\/wp-content\/uploads\/2018\/10\/181009-Kenema.jpg\",\"contentUrl\":\"https:\/\/ifesworld.org\/wp-content\/uploads\/2018\/10\/181009-Kenema.jpg\",\"width\":1280,\"height\":720,\"caption\":\"181009-Kenema\"},{\"@type\":\"BreadcrumbList\",\"@id\":\"https:\/\/ifesworld.org\/es\/prayerline\/las-presiones-familiares-y-economicas\/#breadcrumb\",\"itemListElement\":[{\"@type\":\"ListItem\",\"position\":1,\"name\":\"Home\",\"item\":\"https:\/\/ifesworld.org\/es\/\"},{\"@type\":\"ListItem\",\"position\":2,\"name\":\"Prayerline\",\"item\":\"https:\/\/ifesworld.org\/en\/prayerline\/\"},{\"@type\":\"ListItem\",\"position\":3,\"name\":\"Las presiones familiares y econ\u00f3micas\"}]},{\"@type\":\"WebSite\",\"@id\":\"https:\/\/ifesworld.org\/es\/#website\",\"url\":\"https:\/\/ifesworld.org\/es\/\",\"name\":\"IFES\",\"description\":\"A movement of students sharing and living out the good news of Jesus Christ. Locally. Nationally. Globally.\",\"publisher\":{\"@id\":\"https:\/\/ifesworld.org\/es\/#organization\"},\"potentialAction\":[{\"@type\":\"SearchAction\",\"target\":{\"@type\":\"EntryPoint\",\"urlTemplate\":\"https:\/\/ifesworld.org\/es\/?s={search_term_string}\"},\"query-input\":{\"@type\":\"PropertyValueSpecification\",\"valueRequired\":true,\"valueName\":\"search_term_string\"}}],\"inLanguage\":\"es\"},{\"@type\":\"Organization\",\"@id\":\"https:\/\/ifesworld.org\/es\/#organization\",\"name\":\"IFES \u00b7 International Fellowship of Evangelical Students\",\"url\":\"https:\/\/ifesworld.org\/es\/\",\"logo\":{\"@type\":\"ImageObject\",\"inLanguage\":\"es\",\"@id\":\"https:\/\/ifesworld.org\/es\/#\/schema\/logo\/image\/\",\"url\":\"https:\/\/ifesworld.org\/wp-content\/uploads\/2019\/06\/ifeslogo.png\",\"contentUrl\":\"https:\/\/ifesworld.org\/wp-content\/uploads\/2019\/06\/ifeslogo.png\",\"width\":262,\"height\":262,\"caption\":\"IFES \u00b7 International Fellowship of Evangelical Students\"},\"image\":{\"@id\":\"https:\/\/ifesworld.org\/es\/#\/schema\/logo\/image\/\"}}]}<\/script>\n<!-- \/ Yoast SEO plugin. -->","yoast_head_json":{"title":"Las presiones familiares y econ\u00f3micas &#183; IFES Prayerline","description":"Kadie* estaba en una situaci\u00f3n desesperada. Estaba llorando la muerte de su padre, que falleci\u00f3 durante las inundaciones que asolaron Sierra Leona el a\u00f1o","robots":{"index":"index","follow":"follow","max-snippet":"max-snippet:-1","max-image-preview":"max-image-preview:large","max-video-preview":"max-video-preview:-1"},"canonical":"https:\/\/ifesworld.org\/es\/prayerline\/las-presiones-familiares-y-economicas\/","og_locale":"es_ES","og_type":"article","og_title":"Las presiones familiares y econ\u00f3micas &#183; IFES Prayerline","og_description":"Kadie* estaba en una situaci\u00f3n desesperada. Estaba llorando la muerte de su padre, que falleci\u00f3 durante las inundaciones que asolaron Sierra Leona el a\u00f1o","og_url":"https:\/\/ifesworld.org\/es\/prayerline\/las-presiones-familiares-y-economicas\/","og_site_name":"IFES","article_modified_time":"2019-05-29T15:46:19+00:00","og_image":[{"width":1280,"height":720,"url":"https:\/\/ifesworld.org\/wp-content\/uploads\/2018\/10\/181009-Kenema.jpg","type":"image\/jpeg"}],"twitter_card":"summary_large_image","twitter_misc":{"Tiempo de lectura":"1 minuto"},"schema":{"@context":"https:\/\/schema.org","@graph":[{"@type":"WebPage","@id":"https:\/\/ifesworld.org\/es\/prayerline\/las-presiones-familiares-y-economicas\/","url":"https:\/\/ifesworld.org\/es\/prayerline\/las-presiones-familiares-y-economicas\/","name":"Las presiones familiares y econ\u00f3micas &#183; IFES Prayerline","isPartOf":{"@id":"https:\/\/ifesworld.org\/es\/#website"},"primaryImageOfPage":{"@id":"https:\/\/ifesworld.org\/es\/prayerline\/las-presiones-familiares-y-economicas\/#primaryimage"},"image":{"@id":"https:\/\/ifesworld.org\/es\/prayerline\/las-presiones-familiares-y-economicas\/#primaryimage"},"thumbnailUrl":"https:\/\/ifesworld.org\/wp-content\/uploads\/2018\/10\/181009-Kenema.jpg","datePublished":"2018-10-09T15:00:00+00:00","dateModified":"2019-05-29T15:46:19+00:00","description":"Kadie* estaba en una situaci\u00f3n desesperada. Estaba llorando la muerte de su padre, que falleci\u00f3 durante las inundaciones que asolaron Sierra Leona el a\u00f1o","breadcrumb":{"@id":"https:\/\/ifesworld.org\/es\/prayerline\/las-presiones-familiares-y-economicas\/#breadcrumb"},"inLanguage":"es","potentialAction":[{"@type":"ReadAction","target":["https:\/\/ifesworld.org\/es\/prayerline\/las-presiones-familiares-y-economicas\/"]}]},{"@type":"ImageObject","inLanguage":"es","@id":"https:\/\/ifesworld.org\/es\/prayerline\/las-presiones-familiares-y-economicas\/#primaryimage","url":"https:\/\/ifesworld.org\/wp-content\/uploads\/2018\/10\/181009-Kenema.jpg","contentUrl":"https:\/\/ifesworld.org\/wp-content\/uploads\/2018\/10\/181009-Kenema.jpg","width":1280,"height":720,"caption":"181009-Kenema"},{"@type":"BreadcrumbList","@id":"https:\/\/ifesworld.org\/es\/prayerline\/las-presiones-familiares-y-economicas\/#breadcrumb","itemListElement":[{"@type":"ListItem","position":1,"name":"Home","item":"https:\/\/ifesworld.org\/es\/"},{"@type":"ListItem","position":2,"name":"Prayerline","item":"https:\/\/ifesworld.org\/en\/prayerline\/"},{"@type":"ListItem","position":3,"name":"Las presiones familiares y econ\u00f3micas"}]},{"@type":"WebSite","@id":"https:\/\/ifesworld.org\/es\/#website","url":"https:\/\/ifesworld.org\/es\/","name":"IFES","description":"A movement of students sharing and living out the good news of Jesus Christ. Locally. Nationally. Globally.","publisher":{"@id":"https:\/\/ifesworld.org\/es\/#organization"},"potentialAction":[{"@type":"SearchAction","target":{"@type":"EntryPoint","urlTemplate":"https:\/\/ifesworld.org\/es\/?s={search_term_string}"},"query-input":{"@type":"PropertyValueSpecification","valueRequired":true,"valueName":"search_term_string"}}],"inLanguage":"es"},{"@type":"Organization","@id":"https:\/\/ifesworld.org\/es\/#organization","name":"IFES \u00b7 International Fellowship of Evangelical Students","url":"https:\/\/ifesworld.org\/es\/","logo":{"@type":"ImageObject","inLanguage":"es","@id":"https:\/\/ifesworld.org\/es\/#\/schema\/logo\/image\/","url":"https:\/\/ifesworld.org\/wp-content\/uploads\/2019\/06\/ifeslogo.png","contentUrl":"https:\/\/ifesworld.org\/wp-content\/uploads\/2019\/06\/ifeslogo.png","width":262,"height":262,"caption":"IFES \u00b7 International Fellowship of Evangelical Students"},"image":{"@id":"https:\/\/ifesworld.org\/es\/#\/schema\/logo\/image\/"}}]}},"_links":{"self":[{"href":"https:\/\/ifesworld.org\/es\/wp-json\/wp\/v2\/prayerline\/2221","targetHints":{"allow":["GET"]}}],"collection":[{"href":"https:\/\/ifesworld.org\/es\/wp-json\/wp\/v2\/prayerline"}],"about":[{"href":"https:\/\/ifesworld.org\/es\/wp-json\/wp\/v2\/types\/prayerline"}],"wp:featuredmedia":[{"embeddable":true,"href":"https:\/\/ifesworld.org\/es\/wp-json\/wp\/v2\/media\/2846"}],"wp:attachment":[{"href":"https:\/\/ifesworld.org\/es\/wp-json\/wp\/v2\/media?parent=2221"}],"wp:term":[{"taxonomy":"area","embeddable":true,"href":"https:\/\/ifesworld.org\/es\/wp-json\/wp\/v2\/area?post=2221"},{"taxonomy":"theme","embeddable":true,"href":"https:\/\/ifesworld.org\/es\/wp-json\/wp\/v2\/theme?post=2221"}],"curies":[{"name":"wp","href":"https:\/\/api.w.org\/{rel}","templated":true}]}}

Las presiones familiares y económicas

<p>Kadie* estaba en una situación desesperada. Estaba llorando la muerte de su padre, que falleció durante las inundaciones que asolaron Sierra Leona el año pasado. También estaba afrontando la tarea imposible de tener que pagar sus propias tasas para estudiar medicina. Simplemente, carecía del dinero. La historia de Kadie llegó a oídos de la comunidad de SLEFES Sierra Leona, y decidieron recaudar fondos para pagar sus estudios. Eso les dio la oportunidad de compartir el Evangelio con ella. «¿Cómo puedo saber que esto es Dios», preguntó. Hoy, Kadie sigue a Jesús y está comprometida con su grupo estudantil.</p>
<p>Dado que Sierra Leona es un país de mayoría musulmana, la vida puede resultar muy complicada para los estudiantes que empiezan a seguir a Jesús. Otra estudiante de medicina, Mariatu también conoció a Cristo. Tristemente, sus padres no lo aceptan. Por ahora, sigue vistiéndose con los atavíos musulmanes y tiene que reunirse con los cristianos en secreto.</p>
<p>Únete a nosotros en oración por estos estudiantes.</p>
<ul>
<li>Alabemos a Dios por su obra transformadora en las vidas de Kadie y Mariatu.</li>
<li>Ora para que Kadie tenga los fondos que necesita para terminar su formación en medicina y oremos por su familia mientras lamentan la pérdida de su padre.</li>
<li>Ora para que Dios ablande los corazones de los padres de Mariatu y que un día la familia entera llegue a conocerle. Ora para que Mariatu tenga la sabiduría y el valor para dar testimonio ante ellos.</li>
<li>Ora para que Dios bendiga el ministerio de SLEFES, atrayendo a muchos más estudiantes de trasfondo musulmán para que conozcan a Cristo este año.No es su nombre real.</li>
</ul>
<p>¡Gracias por orar con nosotros!</p>

<!-- This site is optimized with the Yoast SEO plugin v27.2 - https://yoast.com/product/yoast-seo-wordpress/ -->
<title>Las presiones familiares y económicas &#183; IFES Prayerline</title>
<meta name="description" content="Kadie* estaba en una situación desesperada. Estaba llorando la muerte de su padre, que falleció durante las inundaciones que asolaron Sierra Leona el año" />
<meta name="robots" content="index, follow, max-snippet:-1, max-image-preview:large, max-video-preview:-1" />
<link rel="canonical" href="https://ifesworld.org/es/prayerline/las-presiones-familiares-y-economicas/" />
<meta property="og:locale" content="es_ES" />
<meta property="og:type" content="article" />
<meta property="og:title" content="Las presiones familiares y económicas &#183; IFES Prayerline" />
<meta property="og:description" content="Kadie* estaba en una situación desesperada. Estaba llorando la muerte de su padre, que falleció durante las inundaciones que asolaron Sierra Leona el año" />
<meta property="og:url" content="https://ifesworld.org/es/prayerline/las-presiones-familiares-y-economicas/" />
<meta property="og:site_name" content="IFES" />
<meta property="article:modified_time" content="2019-05-29T15:46:19+00:00" />
<meta property="og:image" content="https://ifesworld.org/wp-content/uploads/2018/10/181009-Kenema.jpg" />
	<meta property="og:image:width" content="1280" />
	<meta property="og:image:height" content="720" />
	<meta property="og:image:type" content="image/jpeg" />
<meta name="twitter:card" content="summary_large_image" />
<meta name="twitter:label1" content="Tiempo de lectura" />
	<meta name="twitter:data1" content="1 minuto" />
<script type="application/ld+json" class="yoast-schema-graph">{"@context":"https://schema.org","@graph":[{"@type":"WebPage","@id":"https://ifesworld.org/es/prayerline/las-presiones-familiares-y-economicas/","url":"https://ifesworld.org/es/prayerline/las-presiones-familiares-y-economicas/","name":"Las presiones familiares y económicas &#183; IFES Prayerline","isPartOf":{"@id":"https://ifesworld.org/es/#website"},"primaryImageOfPage":{"@id":"https://ifesworld.org/es/prayerline/las-presiones-familiares-y-economicas/#primaryimage"},"image":{"@id":"https://ifesworld.org/es/prayerline/las-presiones-familiares-y-economicas/#primaryimage"},"thumbnailUrl":"https://ifesworld.org/wp-content/uploads/2018/10/181009-Kenema.jpg","datePublished":"2018-10-09T15:00:00+00:00","dateModified":"2019-05-29T15:46:19+00:00","description":"Kadie* estaba en una situación desesperada. Estaba llorando la muerte de su padre, que falleció durante las inundaciones que asolaron Sierra Leona el año","breadcrumb":{"@id":"https://ifesworld.org/es/prayerline/las-presiones-familiares-y-economicas/#breadcrumb"},"inLanguage":"es","potentialAction":[{"@type":"ReadAction","target":["https://ifesworld.org/es/prayerline/las-presiones-familiares-y-economicas/"]}]},{"@type":"ImageObject","inLanguage":"es","@id":"https://ifesworld.org/es/prayerline/las-presiones-familiares-y-economicas/#primaryimage","url":"https://ifesworld.org/wp-content/uploads/2018/10/181009-Kenema.jpg","contentUrl":"https://ifesworld.org/wp-content/uploads/2018/10/181009-Kenema.jpg","width":1280,"height":720,"caption":"181009-Kenema"},{"@type":"BreadcrumbList","@id":"https://ifesworld.org/es/prayerline/las-presiones-familiares-y-economicas/#breadcrumb","itemListElement":[{"@type":"ListItem","position":1,"name":"Home","item":"https://ifesworld.org/es/"},{"@type":"ListItem","position":2,"name":"Prayerline","item":"https://ifesworld.org/en/prayerline/"},{"@type":"ListItem","position":3,"name":"Las presiones familiares y económicas"}]},{"@type":"WebSite","@id":"https://ifesworld.org/es/#website","url":"https://ifesworld.org/es/","name":"IFES","description":"A movement of students sharing and living out the good news of Jesus Christ. Locally. Nationally. Globally.","publisher":{"@id":"https://ifesworld.org/es/#organization"},"potentialAction":[{"@type":"SearchAction","target":{"@type":"EntryPoint","urlTemplate":"https://ifesworld.org/es/?s={search_term_string}"},"query-input":{"@type":"PropertyValueSpecification","valueRequired":true,"valueName":"search_term_string"}}],"inLanguage":"es"},{"@type":"Organization","@id":"https://ifesworld.org/es/#organization","name":"IFES · International Fellowship of Evangelical Students","url":"https://ifesworld.org/es/","logo":{"@type":"ImageObject","inLanguage":"es","@id":"https://ifesworld.org/es/#/schema/logo/image/","url":"https://ifesworld.org/wp-content/uploads/2019/06/ifeslogo.png","contentUrl":"https://ifesworld.org/wp-content/uploads/2019/06/ifeslogo.png","width":262,"height":262,"caption":"IFES · International Fellowship of Evangelical Students"},"image":{"@id":"https://ifesworld.org/es/#/schema/logo/image/"}}]}</script>
<!-- / Yoast SEO plugin. -->

Las presiones familiares y económicas &#183; IFES Prayerline

Kadie* estaba en una situación desesperada. Estaba llorando la muerte de su padre, que falleció durante las inundaciones que asolaron Sierra Leona el año
