{"id":10650,"date":"2019-12-03T10:41:31","date_gmt":"2019-12-03T10:41:31","guid":{"rendered":"https:\/\/ifesworld.org\/?post_type=prayerline&#038;p=10650"},"modified":"2019-12-03T10:41:31","modified_gmt":"2019-12-03T10:41:31","slug":"aisha-vuelve-a-sus-raices","status":"publish","type":"prayerline","link":"https:\/\/ifesworld.org\/es\/prayerline\/aisha-vuelve-a-sus-raices\/","title":{"rendered":"Aisha vuelve a sus ra\u00edces"},"content":{"rendered":"<div class=\"wp-block block-core-paragraph\">\n<p class=\"wp-block-paragraph\">La historia de amor de Cecilia y Franco comenz\u00f3 cuando eran estudiantes universitarios en Chile. Ambos eran l\u00edderes estudiantiles de GBUCh, el movimiento local de IFES, donde Cecilia se hab\u00eda convertido hac\u00eda poco. Antes de que Franco se graduara, sus padres se mudaron con \u00e9l a los Estados Unidos para comenzar una nueva vida, y los dos estudiantes siguieron sus propios caminos. Unos a\u00f1os m\u00e1s tarde, sus caminos de cruzaron de nuevo. Se casaron, y Cecilia se mud\u00f3 a Estados Unidos cuando tuvieron a su hija Aisha.<\/p>\n<\/div>\n\n<div class=\"wp-block block-core-paragraph\">\n<p class=\"wp-block-paragraph\">Habiendo crecido en Estados Unidos, Aisha estaba acostumbrada las luchas\nde las familias migrantes (la barrera ling\u00fc\u00edstica, la soledad, las diferencias\nculturales). Era duro.<\/p>\n<\/div>\n\n<div class=\"wp-block block-core-paragraph\">\n<p class=\"wp-block-paragraph\">Pero hoy Aisha agradece su contexto migracional. Recientemente se gradu\u00f3 y ahora se est\u00e1 preparando para volver a Chile por unos a\u00f1os para servir en el movimiento de IFES de all\u00ed. Aisha quiere ayudar especialmente a GBUCh a alcanzar a muchos estudiantes inmigrantes que recientemente han llegado a Chile desde Venezuela, Hait\u00ed y otros pa\u00edses vecinos. Estar\u00e1 trabajando en cuatro ciudades distintas, algunas de las m\u00e1s pobres de Chile, que no cuentan con ning\u00fan personal de GBUCh.<\/p>\n<\/div>\n\n<div class=\"wp-block block-core-paragraph\">\n<p class=\"wp-block-paragraph\">\u00bfPuedes orar por ella?<\/p>\n<\/div>\n\n<div class=\"wp-block block-core-list\">\n<ul class=\"wp-block-list\"><li>Demos gracias a Dios por la forma en que ha preparado a Aisha para su rol y por su disposici\u00f3n. Ora por las preparaciones finales, el levantamiento de fondos y la mudanza a Chile en febrero del 2020.<br><\/li><li>Ora para que Aisha pueda ayudar a los estudiantes de GBUCh para alcanzar eficazmente a los estudiantes de todos los contextos distintos. Ora para que muchos lleguen a la fe en 2020.<br><\/li><li>Las protestas de Chile son recurrentes y a veces violentas. Ora para que se restaure la paz.<\/li><\/ul>\n<\/div>\n\n<div class=\"wp-block block-core-paragraph\">\n<p class=\"wp-block-paragraph\">Aisha servir\u00e1 en GBUCh como parte del programa <a rel=\"noreferrer noopener\" aria-label=\"InterVaristy Link. (opens in a new tab)\" href=\"https:\/\/link.intervarsity.org\/\" target=\"_blank\">InterVaristy Link.<\/a><\/p>\n<\/div>\n\n<div class=\"wp-block block-core-paragraph\">\n<p class=\"wp-block-paragraph\">\u00a1Gracias por orar con nosotros! <\/p>\n<\/div>","protected":false},"featured_media":10627,"template":"","area":[460,623],"theme":[],"class_list":["post-10650","prayerline","type-prayerline","status-publish","has-post-thumbnail","hentry","area-latin-america","area-chile"],"acf":[],"yoast_head":"<!-- This site is optimized with the Yoast SEO plugin v27.2 - https:\/\/yoast.com\/product\/yoast-seo-wordpress\/ -->\n<title>Aisha vuelve a sus ra\u00edces &#183; IFES Prayerline<\/title>\n<meta name=\"description\" content=\"La historia de amor de Cecilia y Franco comenz\u00f3 cuando eran estudiantes universitarios en Chile. Ambos eran l\u00edderes estudiantiles de GBUCh, el movimiento\" \/>\n<meta name=\"robots\" content=\"index, follow, max-snippet:-1, max-image-preview:large, max-video-preview:-1\" \/>\n<link rel=\"canonical\" href=\"https:\/\/ifesworld.org\/es\/prayerline\/aisha-vuelve-a-sus-raices\/\" \/>\n<meta property=\"og:locale\" content=\"es_ES\" \/>\n<meta property=\"og:type\" content=\"article\" \/>\n<meta property=\"og:title\" content=\"Aisha vuelve a sus ra\u00edces &#183; IFES Prayerline\" \/>\n<meta property=\"og:description\" content=\"La historia de amor de Cecilia y Franco comenz\u00f3 cuando eran estudiantes universitarios en Chile. Ambos eran l\u00edderes estudiantiles de GBUCh, el movimiento\" \/>\n<meta property=\"og:url\" content=\"https:\/\/ifesworld.org\/es\/prayerline\/aisha-vuelve-a-sus-raices\/\" \/>\n<meta property=\"og:site_name\" content=\"IFES\" \/>\n<meta property=\"og:image\" content=\"https:\/\/ifesworld.org\/wp-content\/uploads\/2019\/12\/191203-PL-Chile-Aisha.jpg\" \/>\n\t<meta property=\"og:image:width\" content=\"1200\" \/>\n\t<meta property=\"og:image:height\" content=\"675\" \/>\n\t<meta property=\"og:image:type\" content=\"image\/jpeg\" \/>\n<meta name=\"twitter:card\" content=\"summary_large_image\" \/>\n<meta name=\"twitter:label1\" content=\"Tiempo de lectura\" \/>\n\t<meta name=\"twitter:data1\" content=\"2 minutos\" \/>\n<script type=\"application\/ld+json\" class=\"yoast-schema-graph\">{\"@context\":\"https:\/\/schema.org\",\"@graph\":[{\"@type\":\"WebPage\",\"@id\":\"https:\/\/ifesworld.org\/es\/prayerline\/aisha-vuelve-a-sus-raices\/\",\"url\":\"https:\/\/ifesworld.org\/es\/prayerline\/aisha-vuelve-a-sus-raices\/\",\"name\":\"Aisha vuelve a sus ra\u00edces &#183; IFES Prayerline\",\"isPartOf\":{\"@id\":\"https:\/\/ifesworld.org\/es\/#website\"},\"primaryImageOfPage\":{\"@id\":\"https:\/\/ifesworld.org\/es\/prayerline\/aisha-vuelve-a-sus-raices\/#primaryimage\"},\"image\":{\"@id\":\"https:\/\/ifesworld.org\/es\/prayerline\/aisha-vuelve-a-sus-raices\/#primaryimage\"},\"thumbnailUrl\":\"https:\/\/ifesworld.org\/wp-content\/uploads\/2019\/12\/191203-PL-Chile-Aisha.jpg\",\"datePublished\":\"2019-12-03T10:41:31+00:00\",\"description\":\"La historia de amor de Cecilia y Franco comenz\u00f3 cuando eran estudiantes universitarios en Chile. Ambos eran l\u00edderes estudiantiles de GBUCh, el movimiento\",\"breadcrumb\":{\"@id\":\"https:\/\/ifesworld.org\/es\/prayerline\/aisha-vuelve-a-sus-raices\/#breadcrumb\"},\"inLanguage\":\"es\",\"potentialAction\":[{\"@type\":\"ReadAction\",\"target\":[\"https:\/\/ifesworld.org\/es\/prayerline\/aisha-vuelve-a-sus-raices\/\"]}]},{\"@type\":\"ImageObject\",\"inLanguage\":\"es\",\"@id\":\"https:\/\/ifesworld.org\/es\/prayerline\/aisha-vuelve-a-sus-raices\/#primaryimage\",\"url\":\"https:\/\/ifesworld.org\/wp-content\/uploads\/2019\/12\/191203-PL-Chile-Aisha.jpg\",\"contentUrl\":\"https:\/\/ifesworld.org\/wp-content\/uploads\/2019\/12\/191203-PL-Chile-Aisha.jpg\",\"width\":1200,\"height\":675,\"caption\":\"191203 PL Chile (Aisha)\"},{\"@type\":\"BreadcrumbList\",\"@id\":\"https:\/\/ifesworld.org\/es\/prayerline\/aisha-vuelve-a-sus-raices\/#breadcrumb\",\"itemListElement\":[{\"@type\":\"ListItem\",\"position\":1,\"name\":\"Home\",\"item\":\"https:\/\/ifesworld.org\/es\/\"},{\"@type\":\"ListItem\",\"position\":2,\"name\":\"Prayerline\",\"item\":\"https:\/\/ifesworld.org\/en\/prayerline\/\"},{\"@type\":\"ListItem\",\"position\":3,\"name\":\"Aisha vuelve a sus ra\u00edces\"}]},{\"@type\":\"WebSite\",\"@id\":\"https:\/\/ifesworld.org\/es\/#website\",\"url\":\"https:\/\/ifesworld.org\/es\/\",\"name\":\"IFES\",\"description\":\"A movement of students sharing and living out the good news of Jesus Christ. Locally. Nationally. Globally.\",\"publisher\":{\"@id\":\"https:\/\/ifesworld.org\/es\/#organization\"},\"potentialAction\":[{\"@type\":\"SearchAction\",\"target\":{\"@type\":\"EntryPoint\",\"urlTemplate\":\"https:\/\/ifesworld.org\/es\/?s={search_term_string}\"},\"query-input\":{\"@type\":\"PropertyValueSpecification\",\"valueRequired\":true,\"valueName\":\"search_term_string\"}}],\"inLanguage\":\"es\"},{\"@type\":\"Organization\",\"@id\":\"https:\/\/ifesworld.org\/es\/#organization\",\"name\":\"IFES \u00b7 International Fellowship of Evangelical Students\",\"url\":\"https:\/\/ifesworld.org\/es\/\",\"logo\":{\"@type\":\"ImageObject\",\"inLanguage\":\"es\",\"@id\":\"https:\/\/ifesworld.org\/es\/#\/schema\/logo\/image\/\",\"url\":\"https:\/\/ifesworld.org\/wp-content\/uploads\/2019\/06\/ifeslogo.png\",\"contentUrl\":\"https:\/\/ifesworld.org\/wp-content\/uploads\/2019\/06\/ifeslogo.png\",\"width\":262,\"height\":262,\"caption\":\"IFES \u00b7 International Fellowship of Evangelical Students\"},\"image\":{\"@id\":\"https:\/\/ifesworld.org\/es\/#\/schema\/logo\/image\/\"}}]}<\/script>\n<!-- \/ Yoast SEO plugin. -->","yoast_head_json":{"title":"Aisha vuelve a sus ra\u00edces &#183; IFES Prayerline","description":"La historia de amor de Cecilia y Franco comenz\u00f3 cuando eran estudiantes universitarios en Chile. Ambos eran l\u00edderes estudiantiles de GBUCh, el movimiento","robots":{"index":"index","follow":"follow","max-snippet":"max-snippet:-1","max-image-preview":"max-image-preview:large","max-video-preview":"max-video-preview:-1"},"canonical":"https:\/\/ifesworld.org\/es\/prayerline\/aisha-vuelve-a-sus-raices\/","og_locale":"es_ES","og_type":"article","og_title":"Aisha vuelve a sus ra\u00edces &#183; IFES Prayerline","og_description":"La historia de amor de Cecilia y Franco comenz\u00f3 cuando eran estudiantes universitarios en Chile. Ambos eran l\u00edderes estudiantiles de GBUCh, el movimiento","og_url":"https:\/\/ifesworld.org\/es\/prayerline\/aisha-vuelve-a-sus-raices\/","og_site_name":"IFES","og_image":[{"width":1200,"height":675,"url":"https:\/\/ifesworld.org\/wp-content\/uploads\/2019\/12\/191203-PL-Chile-Aisha.jpg","type":"image\/jpeg"}],"twitter_card":"summary_large_image","twitter_misc":{"Tiempo de lectura":"2 minutos"},"schema":{"@context":"https:\/\/schema.org","@graph":[{"@type":"WebPage","@id":"https:\/\/ifesworld.org\/es\/prayerline\/aisha-vuelve-a-sus-raices\/","url":"https:\/\/ifesworld.org\/es\/prayerline\/aisha-vuelve-a-sus-raices\/","name":"Aisha vuelve a sus ra\u00edces &#183; IFES Prayerline","isPartOf":{"@id":"https:\/\/ifesworld.org\/es\/#website"},"primaryImageOfPage":{"@id":"https:\/\/ifesworld.org\/es\/prayerline\/aisha-vuelve-a-sus-raices\/#primaryimage"},"image":{"@id":"https:\/\/ifesworld.org\/es\/prayerline\/aisha-vuelve-a-sus-raices\/#primaryimage"},"thumbnailUrl":"https:\/\/ifesworld.org\/wp-content\/uploads\/2019\/12\/191203-PL-Chile-Aisha.jpg","datePublished":"2019-12-03T10:41:31+00:00","description":"La historia de amor de Cecilia y Franco comenz\u00f3 cuando eran estudiantes universitarios en Chile. Ambos eran l\u00edderes estudiantiles de GBUCh, el movimiento","breadcrumb":{"@id":"https:\/\/ifesworld.org\/es\/prayerline\/aisha-vuelve-a-sus-raices\/#breadcrumb"},"inLanguage":"es","potentialAction":[{"@type":"ReadAction","target":["https:\/\/ifesworld.org\/es\/prayerline\/aisha-vuelve-a-sus-raices\/"]}]},{"@type":"ImageObject","inLanguage":"es","@id":"https:\/\/ifesworld.org\/es\/prayerline\/aisha-vuelve-a-sus-raices\/#primaryimage","url":"https:\/\/ifesworld.org\/wp-content\/uploads\/2019\/12\/191203-PL-Chile-Aisha.jpg","contentUrl":"https:\/\/ifesworld.org\/wp-content\/uploads\/2019\/12\/191203-PL-Chile-Aisha.jpg","width":1200,"height":675,"caption":"191203 PL Chile (Aisha)"},{"@type":"BreadcrumbList","@id":"https:\/\/ifesworld.org\/es\/prayerline\/aisha-vuelve-a-sus-raices\/#breadcrumb","itemListElement":[{"@type":"ListItem","position":1,"name":"Home","item":"https:\/\/ifesworld.org\/es\/"},{"@type":"ListItem","position":2,"name":"Prayerline","item":"https:\/\/ifesworld.org\/en\/prayerline\/"},{"@type":"ListItem","position":3,"name":"Aisha vuelve a sus ra\u00edces"}]},{"@type":"WebSite","@id":"https:\/\/ifesworld.org\/es\/#website","url":"https:\/\/ifesworld.org\/es\/","name":"IFES","description":"A movement of students sharing and living out the good news of Jesus Christ. Locally. Nationally. Globally.","publisher":{"@id":"https:\/\/ifesworld.org\/es\/#organization"},"potentialAction":[{"@type":"SearchAction","target":{"@type":"EntryPoint","urlTemplate":"https:\/\/ifesworld.org\/es\/?s={search_term_string}"},"query-input":{"@type":"PropertyValueSpecification","valueRequired":true,"valueName":"search_term_string"}}],"inLanguage":"es"},{"@type":"Organization","@id":"https:\/\/ifesworld.org\/es\/#organization","name":"IFES \u00b7 International Fellowship of Evangelical Students","url":"https:\/\/ifesworld.org\/es\/","logo":{"@type":"ImageObject","inLanguage":"es","@id":"https:\/\/ifesworld.org\/es\/#\/schema\/logo\/image\/","url":"https:\/\/ifesworld.org\/wp-content\/uploads\/2019\/06\/ifeslogo.png","contentUrl":"https:\/\/ifesworld.org\/wp-content\/uploads\/2019\/06\/ifeslogo.png","width":262,"height":262,"caption":"IFES \u00b7 International Fellowship of Evangelical Students"},"image":{"@id":"https:\/\/ifesworld.org\/es\/#\/schema\/logo\/image\/"}}]}},"_links":{"self":[{"href":"https:\/\/ifesworld.org\/es\/wp-json\/wp\/v2\/prayerline\/10650","targetHints":{"allow":["GET"]}}],"collection":[{"href":"https:\/\/ifesworld.org\/es\/wp-json\/wp\/v2\/prayerline"}],"about":[{"href":"https:\/\/ifesworld.org\/es\/wp-json\/wp\/v2\/types\/prayerline"}],"wp:featuredmedia":[{"embeddable":true,"href":"https:\/\/ifesworld.org\/es\/wp-json\/wp\/v2\/media\/10627"}],"wp:attachment":[{"href":"https:\/\/ifesworld.org\/es\/wp-json\/wp\/v2\/media?parent=10650"}],"wp:term":[{"taxonomy":"area","embeddable":true,"href":"https:\/\/ifesworld.org\/es\/wp-json\/wp\/v2\/area?post=10650"},{"taxonomy":"theme","embeddable":true,"href":"https:\/\/ifesworld.org\/es\/wp-json\/wp\/v2\/theme?post=10650"}],"curies":[{"name":"wp","href":"https:\/\/api.w.org\/{rel}","templated":true}]}}

Aisha vuelve a sus raíces

<div class="wp-block block-core-paragraph">
<p class="wp-block-paragraph">La historia de amor de Cecilia y Franco comenzó cuando eran estudiantes universitarios en Chile. Ambos eran líderes estudiantiles de GBUCh, el movimiento local de IFES, donde Cecilia se había convertido hacía poco. Antes de que Franco se graduara, sus padres se mudaron con él a los Estados Unidos para comenzar una nueva vida, y los dos estudiantes siguieron sus propios caminos. Unos años más tarde, sus caminos de cruzaron de nuevo. Se casaron, y Cecilia se mudó a Estados Unidos cuando tuvieron a su hija Aisha.</p>
</div>

<div class="wp-block block-core-paragraph">
<p class="wp-block-paragraph">Habiendo crecido en Estados Unidos, Aisha estaba acostumbrada las luchas
de las familias migrantes (la barrera lingüística, la soledad, las diferencias
culturales). Era duro.</p>
</div>

<div class="wp-block block-core-paragraph">
<p class="wp-block-paragraph">Pero hoy Aisha agradece su contexto migracional. Recientemente se graduó y ahora se está preparando para volver a Chile por unos años para servir en el movimiento de IFES de allí. Aisha quiere ayudar especialmente a GBUCh a alcanzar a muchos estudiantes inmigrantes que recientemente han llegado a Chile desde Venezuela, Haití y otros países vecinos. Estará trabajando en cuatro ciudades distintas, algunas de las más pobres de Chile, que no cuentan con ningún personal de GBUCh.</p>
</div>

<div class="wp-block block-core-paragraph">
<p class="wp-block-paragraph">¿Puedes orar por ella?</p>
</div>

<div class="wp-block block-core-list">
<ul class="wp-block-list"><li>Demos gracias a Dios por la forma en que ha preparado a Aisha para su rol y por su disposición. Ora por las preparaciones finales, el levantamiento de fondos y la mudanza a Chile en febrero del 2020.<br></li><li>Ora para que Aisha pueda ayudar a los estudiantes de GBUCh para alcanzar eficazmente a los estudiantes de todos los contextos distintos. Ora para que muchos lleguen a la fe en 2020.<br></li><li>Las protestas de Chile son recurrentes y a veces violentas. Ora para que se restaure la paz.</li></ul>
</div>

<div class="wp-block block-core-paragraph">
<p class="wp-block-paragraph">Aisha servirá en GBUCh como parte del programa <a rel="noreferrer noopener" aria-label="InterVaristy Link. (opens in a new tab)" href="https://link.intervarsity.org/" target="_blank">InterVaristy Link.</a></p>
</div>

<div class="wp-block block-core-paragraph">
<p class="wp-block-paragraph">¡Gracias por orar con nosotros! </p>
</div>

<!-- This site is optimized with the Yoast SEO plugin v27.2 - https://yoast.com/product/yoast-seo-wordpress/ -->
<title>Aisha vuelve a sus raíces &#183; IFES Prayerline</title>
<meta name="description" content="La historia de amor de Cecilia y Franco comenzó cuando eran estudiantes universitarios en Chile. Ambos eran líderes estudiantiles de GBUCh, el movimiento" />
<meta name="robots" content="index, follow, max-snippet:-1, max-image-preview:large, max-video-preview:-1" />
<link rel="canonical" href="https://ifesworld.org/es/prayerline/aisha-vuelve-a-sus-raices/" />
<meta property="og:locale" content="es_ES" />
<meta property="og:type" content="article" />
<meta property="og:title" content="Aisha vuelve a sus raíces &#183; IFES Prayerline" />
<meta property="og:description" content="La historia de amor de Cecilia y Franco comenzó cuando eran estudiantes universitarios en Chile. Ambos eran líderes estudiantiles de GBUCh, el movimiento" />
<meta property="og:url" content="https://ifesworld.org/es/prayerline/aisha-vuelve-a-sus-raices/" />
<meta property="og:site_name" content="IFES" />
<meta property="og:image" content="https://ifesworld.org/wp-content/uploads/2019/12/191203-PL-Chile-Aisha.jpg" />
	<meta property="og:image:width" content="1200" />
	<meta property="og:image:height" content="675" />
	<meta property="og:image:type" content="image/jpeg" />
<meta name="twitter:card" content="summary_large_image" />
<meta name="twitter:label1" content="Tiempo de lectura" />
	<meta name="twitter:data1" content="2 minutos" />
<script type="application/ld+json" class="yoast-schema-graph">{"@context":"https://schema.org","@graph":[{"@type":"WebPage","@id":"https://ifesworld.org/es/prayerline/aisha-vuelve-a-sus-raices/","url":"https://ifesworld.org/es/prayerline/aisha-vuelve-a-sus-raices/","name":"Aisha vuelve a sus raíces &#183; IFES Prayerline","isPartOf":{"@id":"https://ifesworld.org/es/#website"},"primaryImageOfPage":{"@id":"https://ifesworld.org/es/prayerline/aisha-vuelve-a-sus-raices/#primaryimage"},"image":{"@id":"https://ifesworld.org/es/prayerline/aisha-vuelve-a-sus-raices/#primaryimage"},"thumbnailUrl":"https://ifesworld.org/wp-content/uploads/2019/12/191203-PL-Chile-Aisha.jpg","datePublished":"2019-12-03T10:41:31+00:00","description":"La historia de amor de Cecilia y Franco comenzó cuando eran estudiantes universitarios en Chile. Ambos eran líderes estudiantiles de GBUCh, el movimiento","breadcrumb":{"@id":"https://ifesworld.org/es/prayerline/aisha-vuelve-a-sus-raices/#breadcrumb"},"inLanguage":"es","potentialAction":[{"@type":"ReadAction","target":["https://ifesworld.org/es/prayerline/aisha-vuelve-a-sus-raices/"]}]},{"@type":"ImageObject","inLanguage":"es","@id":"https://ifesworld.org/es/prayerline/aisha-vuelve-a-sus-raices/#primaryimage","url":"https://ifesworld.org/wp-content/uploads/2019/12/191203-PL-Chile-Aisha.jpg","contentUrl":"https://ifesworld.org/wp-content/uploads/2019/12/191203-PL-Chile-Aisha.jpg","width":1200,"height":675,"caption":"191203 PL Chile (Aisha)"},{"@type":"BreadcrumbList","@id":"https://ifesworld.org/es/prayerline/aisha-vuelve-a-sus-raices/#breadcrumb","itemListElement":[{"@type":"ListItem","position":1,"name":"Home","item":"https://ifesworld.org/es/"},{"@type":"ListItem","position":2,"name":"Prayerline","item":"https://ifesworld.org/en/prayerline/"},{"@type":"ListItem","position":3,"name":"Aisha vuelve a sus raíces"}]},{"@type":"WebSite","@id":"https://ifesworld.org/es/#website","url":"https://ifesworld.org/es/","name":"IFES","description":"A movement of students sharing and living out the good news of Jesus Christ. Locally. Nationally. Globally.","publisher":{"@id":"https://ifesworld.org/es/#organization"},"potentialAction":[{"@type":"SearchAction","target":{"@type":"EntryPoint","urlTemplate":"https://ifesworld.org/es/?s={search_term_string}"},"query-input":{"@type":"PropertyValueSpecification","valueRequired":true,"valueName":"search_term_string"}}],"inLanguage":"es"},{"@type":"Organization","@id":"https://ifesworld.org/es/#organization","name":"IFES · International Fellowship of Evangelical Students","url":"https://ifesworld.org/es/","logo":{"@type":"ImageObject","inLanguage":"es","@id":"https://ifesworld.org/es/#/schema/logo/image/","url":"https://ifesworld.org/wp-content/uploads/2019/06/ifeslogo.png","contentUrl":"https://ifesworld.org/wp-content/uploads/2019/06/ifeslogo.png","width":262,"height":262,"caption":"IFES · International Fellowship of Evangelical Students"},"image":{"@id":"https://ifesworld.org/es/#/schema/logo/image/"}}]}</script>
<!-- / Yoast SEO plugin. -->

Aisha vuelve a sus raíces &#183; IFES Prayerline

La historia de amor de Cecilia y Franco comenzó cuando eran estudiantes universitarios en Chile. Ambos eran líderes estudiantiles de GBUCh, el movimiento
