{"id":16155,"date":"2021-07-29T09:06:00","date_gmt":"2021-07-29T08:06:00","guid":{"rendered":"https:\/\/ifesworld.org\/?page_id=16155"},"modified":"2021-08-05T12:56:45","modified_gmt":"2021-08-05T11:56:45","slug":"esperanza-en-el-lamento","status":"publish","type":"page","link":"https:\/\/ifesworld.org\/es\/esperanza-en-el-lamento\/","title":{"rendered":"ESPERANZA EN EL LAMENTO"},"content":{"rendered":"<div class=\"wp-block block-core-group\">\n<div class=\"wp-block-group\"><div class=\"wp-block-group__inner-container is-layout-flow wp-block-group-is-layout-flow\"><div class=\"wp-block block-core-heading\">\n<h1 class=\"wp-block-heading\">La SEMANA DE ESPERANZA Y LAMENTO<\/h1>\n<\/div>\n\n<div class=\"wp-block block-core-heading\">\n<h2 class=\"wp-block-heading\"> 2 al 6 de agosto <\/h2>\n<\/div>\n\n<div class=\"wp-block block-core-paragraph\">\n<p class=\"wp-block-paragraph\">El mundo ha cambiado repentinamente con la irrupci\u00f3n inesperada de la pandemia. Hemos vadeado la ansiedad, los confinamientos, el impacto econ\u00f3mico y la p\u00e9rdida de seres queridos. En medio de todo esto, algunas naciones han sufrido inestabilidad pol\u00edtica, golpes de estado y desastres naturales que han aumentado este sufrimiento.&nbsp;<\/p>\n<\/div>\n\n<div class=\"wp-block block-core-paragraph\">\n<p class=\"wp-block-paragraph\">Los salmistas y los profetas sol\u00edan lamentarse ante Dios. Recordaban una vez m\u00e1s, qui\u00e9n es nuestro Dios y volv\u00edan a anclar sus esperanzas en \u00c9l.&nbsp;<\/p>\n<\/div>\n\n<div class=\"wp-block block-core-paragraph\">\n<p class=\"wp-block-paragraph\">Queremos hacer lo mismo como familia global. Del 2 al 6 de agosto te invitamos a buscar al Se\u00f1or con nosotros, a traer nuestra ansiedad y nuestra lamentaci\u00f3n ante \u00c9l.&nbsp;<\/p>\n<\/div>\n\n<div class=\"wp-block block-core-paragraph\">\n<p class=\"has-accent-color has-text-color wp-block-paragraph\">Compartiremos recursos en IFES&nbsp;Connect, nuestro nuevo espacio para conectar online de la familia de IFES. Los obreros, estudiantes y personas que nos apoyan son bienvenidos a unirse a IFES&nbsp;Connect. Una vez que se haya aprobado tu solicitud de&nbsp;acceso, visita&nbsp;<a href=\"http:\/\/connect.ifesworld.org\/topics\/28216\/\" target=\"_blank\" rel=\"noreferrer noopener\">Lamento con Esperanza.&nbsp;grupo<\/a>, para ayudarte a orar durante la semana. Este grupo de dar\u00e1 acceso a todos los recursos, los enlaces de Zoom, y las oportunidades de compartir c\u00f3mo Dios est\u00e1 conectando contigo a lo largo de la semana. Esto incluir\u00e1 una sala de oraci\u00f3n abierta del lunes a jueves en Zoom.&nbsp;<\/p>\n<\/div>\n\n<div class=\"wp-block block-acf-ifesbutton\">\n<div class=\"\">\n    <a id=\"btn-block_61026149145a0\" target=\"\" href=\"http:\/\/connect.ifesworld.org\/topics\/28216\/\" class=\"btn btn--primary\">\n        <span>\n        \u00danete a nosotros        <\/span>\n    <\/a>\n<\/div>\n\n<\/div>\n\n<div class=\"wp-block block-core-paragraph\">\n<p class=\"wp-block-paragraph\">Estamos deseando orar contigo.&nbsp;<\/p>\n<\/div><\/div>\n<\/div><\/div>","protected":false},"excerpt":{"rendered":"<p>La SEMANA DE ESPERANZA Y LAMENTO 2 al 6 de agosto El mundo ha cambiado repentinamente con la irrupci\u00f3n inesperada de la pandemia. Hemos vadeado la ansiedad, los confinamientos, el impacto econ\u00f3mico y la p\u00e9rdida de seres queridos. En medio de todo esto, algunas naciones han sufrido inestabilidad pol\u00edtica, golpes de estado y desastres naturales&#8230;<\/p>\n","protected":false},"author":2,"featured_media":16107,"parent":0,"menu_order":0,"comment_status":"closed","ping_status":"closed","template":"","meta":{"_acf_changed":false,"_crdt_document":"","inline_featured_image":false,"footnotes":""},"area":[],"theme":[],"class_list":["post-16155","page","type-page","status-publish","has-post-thumbnail","hentry"],"acf":[],"yoast_head":"<!-- This site is optimized with the Yoast SEO plugin v27.2 - https:\/\/yoast.com\/product\/yoast-seo-wordpress\/ -->\n<title>ESPERANZA EN EL LAMENTO &#183; IFES<\/title>\n<meta name=\"description\" content=\"La SEMANA DE ESPERANZA Y LAMENTO 2 al 6 de agosto El mundo ha cambiado repentinamente con la irrupci\u00f3n inesperada de la pandemia. Hemos vadeado la\" \/>\n<meta name=\"robots\" content=\"index, follow, max-snippet:-1, max-image-preview:large, max-video-preview:-1\" \/>\n<link rel=\"canonical\" href=\"https:\/\/ifesworld.org\/en\/hope-in-lament\/\" \/>\n<meta property=\"og:locale\" content=\"es_ES\" \/>\n<meta property=\"og:type\" content=\"article\" \/>\n<meta property=\"og:title\" content=\"ESPERANZA EN EL LAMENTO &#183; IFES\" \/>\n<meta property=\"og:description\" content=\"La SEMANA DE ESPERANZA Y LAMENTO 2 al 6 de agosto El mundo ha cambiado repentinamente con la irrupci\u00f3n inesperada de la pandemia. Hemos vadeado la\" \/>\n<meta property=\"og:url\" content=\"https:\/\/ifesworld.org\/en\/hope-in-lament\/\" \/>\n<meta property=\"og:site_name\" content=\"IFES\" \/>\n<meta property=\"article:modified_time\" content=\"2021-08-05T11:56:45+00:00\" \/>\n<meta property=\"og:image\" content=\"https:\/\/ifesworld.org\/wp-content\/uploads\/2021\/07\/MicrosoftTeams-image-6.jpg\" \/>\n\t<meta property=\"og:image:width\" content=\"1600\" \/>\n\t<meta property=\"og:image:height\" content=\"600\" \/>\n\t<meta property=\"og:image:type\" content=\"image\/jpeg\" \/>\n<meta name=\"twitter:card\" content=\"summary_large_image\" \/>\n<meta name=\"twitter:label1\" content=\"Tiempo de lectura\" \/>\n\t<meta name=\"twitter:data1\" content=\"1 minuto\" \/>\n<script type=\"application\/ld+json\" class=\"yoast-schema-graph\">{\"@context\":\"https:\/\/schema.org\",\"@graph\":[{\"@type\":\"WebPage\",\"@id\":\"https:\/\/ifesworld.org\/en\/hope-in-lament\/\",\"url\":\"https:\/\/ifesworld.org\/en\/hope-in-lament\/\",\"name\":\"ESPERANZA EN EL LAMENTO &#183; IFES\",\"isPartOf\":{\"@id\":\"https:\/\/ifesworld.org\/es\/#website\"},\"primaryImageOfPage\":{\"@id\":\"https:\/\/ifesworld.org\/en\/hope-in-lament\/#primaryimage\"},\"image\":{\"@id\":\"https:\/\/ifesworld.org\/en\/hope-in-lament\/#primaryimage\"},\"thumbnailUrl\":\"https:\/\/ifesworld.org\/wp-content\/uploads\/2021\/07\/MicrosoftTeams-image-6.jpg\",\"datePublished\":\"2021-07-29T08:06:00+00:00\",\"dateModified\":\"2021-08-05T11:56:45+00:00\",\"description\":\"La SEMANA DE ESPERANZA Y LAMENTO 2 al 6 de agosto El mundo ha cambiado repentinamente con la irrupci\u00f3n inesperada de la pandemia. Hemos vadeado la\",\"breadcrumb\":{\"@id\":\"https:\/\/ifesworld.org\/en\/hope-in-lament\/#breadcrumb\"},\"inLanguage\":\"es\",\"potentialAction\":[{\"@type\":\"ReadAction\",\"target\":[\"https:\/\/ifesworld.org\/en\/hope-in-lament\/\"]}]},{\"@type\":\"ImageObject\",\"inLanguage\":\"es\",\"@id\":\"https:\/\/ifesworld.org\/en\/hope-in-lament\/#primaryimage\",\"url\":\"https:\/\/ifesworld.org\/wp-content\/uploads\/2021\/07\/MicrosoftTeams-image-6.jpg\",\"contentUrl\":\"https:\/\/ifesworld.org\/wp-content\/uploads\/2021\/07\/MicrosoftTeams-image-6.jpg\",\"width\":1600,\"height\":600},{\"@type\":\"BreadcrumbList\",\"@id\":\"https:\/\/ifesworld.org\/en\/hope-in-lament\/#breadcrumb\",\"itemListElement\":[{\"@type\":\"ListItem\",\"position\":1,\"name\":\"Home\",\"item\":\"https:\/\/ifesworld.org\/es\/\"},{\"@type\":\"ListItem\",\"position\":2,\"name\":\"ESPERANZA EN EL LAMENTO\"}]},{\"@type\":\"WebSite\",\"@id\":\"https:\/\/ifesworld.org\/es\/#website\",\"url\":\"https:\/\/ifesworld.org\/es\/\",\"name\":\"IFES\",\"description\":\"A movement of students sharing and living out the good news of Jesus Christ. Locally. Nationally. Globally.\",\"publisher\":{\"@id\":\"https:\/\/ifesworld.org\/es\/#organization\"},\"potentialAction\":[{\"@type\":\"SearchAction\",\"target\":{\"@type\":\"EntryPoint\",\"urlTemplate\":\"https:\/\/ifesworld.org\/es\/?s={search_term_string}\"},\"query-input\":{\"@type\":\"PropertyValueSpecification\",\"valueRequired\":true,\"valueName\":\"search_term_string\"}}],\"inLanguage\":\"es\"},{\"@type\":\"Organization\",\"@id\":\"https:\/\/ifesworld.org\/es\/#organization\",\"name\":\"IFES \u00b7 International Fellowship of Evangelical Students\",\"url\":\"https:\/\/ifesworld.org\/es\/\",\"logo\":{\"@type\":\"ImageObject\",\"inLanguage\":\"es\",\"@id\":\"https:\/\/ifesworld.org\/es\/#\/schema\/logo\/image\/\",\"url\":\"https:\/\/ifesworld.org\/wp-content\/uploads\/2019\/06\/ifeslogo.png\",\"contentUrl\":\"https:\/\/ifesworld.org\/wp-content\/uploads\/2019\/06\/ifeslogo.png\",\"width\":262,\"height\":262,\"caption\":\"IFES \u00b7 International Fellowship of Evangelical Students\"},\"image\":{\"@id\":\"https:\/\/ifesworld.org\/es\/#\/schema\/logo\/image\/\"}}]}<\/script>\n<!-- \/ Yoast SEO plugin. -->","yoast_head_json":{"title":"ESPERANZA EN EL LAMENTO &#183; IFES","description":"La SEMANA DE ESPERANZA Y LAMENTO 2 al 6 de agosto El mundo ha cambiado repentinamente con la irrupci\u00f3n inesperada de la pandemia. Hemos vadeado la","robots":{"index":"index","follow":"follow","max-snippet":"max-snippet:-1","max-image-preview":"max-image-preview:large","max-video-preview":"max-video-preview:-1"},"canonical":"https:\/\/ifesworld.org\/en\/hope-in-lament\/","og_locale":"es_ES","og_type":"article","og_title":"ESPERANZA EN EL LAMENTO &#183; IFES","og_description":"La SEMANA DE ESPERANZA Y LAMENTO 2 al 6 de agosto El mundo ha cambiado repentinamente con la irrupci\u00f3n inesperada de la pandemia. Hemos vadeado la","og_url":"https:\/\/ifesworld.org\/en\/hope-in-lament\/","og_site_name":"IFES","article_modified_time":"2021-08-05T11:56:45+00:00","og_image":[{"width":1600,"height":600,"url":"https:\/\/ifesworld.org\/wp-content\/uploads\/2021\/07\/MicrosoftTeams-image-6.jpg","type":"image\/jpeg"}],"twitter_card":"summary_large_image","twitter_misc":{"Tiempo de lectura":"1 minuto"},"schema":{"@context":"https:\/\/schema.org","@graph":[{"@type":"WebPage","@id":"https:\/\/ifesworld.org\/en\/hope-in-lament\/","url":"https:\/\/ifesworld.org\/en\/hope-in-lament\/","name":"ESPERANZA EN EL LAMENTO &#183; IFES","isPartOf":{"@id":"https:\/\/ifesworld.org\/es\/#website"},"primaryImageOfPage":{"@id":"https:\/\/ifesworld.org\/en\/hope-in-lament\/#primaryimage"},"image":{"@id":"https:\/\/ifesworld.org\/en\/hope-in-lament\/#primaryimage"},"thumbnailUrl":"https:\/\/ifesworld.org\/wp-content\/uploads\/2021\/07\/MicrosoftTeams-image-6.jpg","datePublished":"2021-07-29T08:06:00+00:00","dateModified":"2021-08-05T11:56:45+00:00","description":"La SEMANA DE ESPERANZA Y LAMENTO 2 al 6 de agosto El mundo ha cambiado repentinamente con la irrupci\u00f3n inesperada de la pandemia. Hemos vadeado la","breadcrumb":{"@id":"https:\/\/ifesworld.org\/en\/hope-in-lament\/#breadcrumb"},"inLanguage":"es","potentialAction":[{"@type":"ReadAction","target":["https:\/\/ifesworld.org\/en\/hope-in-lament\/"]}]},{"@type":"ImageObject","inLanguage":"es","@id":"https:\/\/ifesworld.org\/en\/hope-in-lament\/#primaryimage","url":"https:\/\/ifesworld.org\/wp-content\/uploads\/2021\/07\/MicrosoftTeams-image-6.jpg","contentUrl":"https:\/\/ifesworld.org\/wp-content\/uploads\/2021\/07\/MicrosoftTeams-image-6.jpg","width":1600,"height":600},{"@type":"BreadcrumbList","@id":"https:\/\/ifesworld.org\/en\/hope-in-lament\/#breadcrumb","itemListElement":[{"@type":"ListItem","position":1,"name":"Home","item":"https:\/\/ifesworld.org\/es\/"},{"@type":"ListItem","position":2,"name":"ESPERANZA EN EL LAMENTO"}]},{"@type":"WebSite","@id":"https:\/\/ifesworld.org\/es\/#website","url":"https:\/\/ifesworld.org\/es\/","name":"IFES","description":"A movement of students sharing and living out the good news of Jesus Christ. Locally. Nationally. Globally.","publisher":{"@id":"https:\/\/ifesworld.org\/es\/#organization"},"potentialAction":[{"@type":"SearchAction","target":{"@type":"EntryPoint","urlTemplate":"https:\/\/ifesworld.org\/es\/?s={search_term_string}"},"query-input":{"@type":"PropertyValueSpecification","valueRequired":true,"valueName":"search_term_string"}}],"inLanguage":"es"},{"@type":"Organization","@id":"https:\/\/ifesworld.org\/es\/#organization","name":"IFES \u00b7 International Fellowship of Evangelical Students","url":"https:\/\/ifesworld.org\/es\/","logo":{"@type":"ImageObject","inLanguage":"es","@id":"https:\/\/ifesworld.org\/es\/#\/schema\/logo\/image\/","url":"https:\/\/ifesworld.org\/wp-content\/uploads\/2019\/06\/ifeslogo.png","contentUrl":"https:\/\/ifesworld.org\/wp-content\/uploads\/2019\/06\/ifeslogo.png","width":262,"height":262,"caption":"IFES \u00b7 International Fellowship of Evangelical Students"},"image":{"@id":"https:\/\/ifesworld.org\/es\/#\/schema\/logo\/image\/"}}]}},"_links":{"self":[{"href":"https:\/\/ifesworld.org\/es\/wp-json\/wp\/v2\/pages\/16155","targetHints":{"allow":["GET"]}}],"collection":[{"href":"https:\/\/ifesworld.org\/es\/wp-json\/wp\/v2\/pages"}],"about":[{"href":"https:\/\/ifesworld.org\/es\/wp-json\/wp\/v2\/types\/page"}],"author":[{"embeddable":true,"href":"https:\/\/ifesworld.org\/es\/wp-json\/wp\/v2\/users\/2"}],"replies":[{"embeddable":true,"href":"https:\/\/ifesworld.org\/es\/wp-json\/wp\/v2\/comments?post=16155"}],"version-history":[{"count":0,"href":"https:\/\/ifesworld.org\/es\/wp-json\/wp\/v2\/pages\/16155\/revisions"}],"wp:featuredmedia":[{"embeddable":true,"href":"https:\/\/ifesworld.org\/es\/wp-json\/wp\/v2\/media\/16107"}],"wp:attachment":[{"href":"https:\/\/ifesworld.org\/es\/wp-json\/wp\/v2\/media?parent=16155"}],"wp:term":[{"taxonomy":"area","embeddable":true,"href":"https:\/\/ifesworld.org\/es\/wp-json\/wp\/v2\/area?post=16155"},{"taxonomy":"theme","embeddable":true,"href":"https:\/\/ifesworld.org\/es\/wp-json\/wp\/v2\/theme?post=16155"}],"curies":[{"name":"wp","href":"https:\/\/api.w.org\/{rel}","templated":true}]}}

<div class="wp-block block-core-group">
<div class="wp-block-group"><div class="wp-block-group__inner-container is-layout-flow wp-block-group-is-layout-flow"><div class="wp-block block-core-heading">
<h1 class="wp-block-heading">La SEMANA DE ESPERANZA Y LAMENTO</h1>
</div>

<div class="wp-block block-core-heading">
<h2 class="wp-block-heading"> 2 al 6 de agosto </h2>
</div>

<div class="wp-block block-core-paragraph">
<p class="wp-block-paragraph">El mundo ha cambiado repentinamente con la irrupción inesperada de la pandemia. Hemos vadeado la ansiedad, los confinamientos, el impacto económico y la pérdida de seres queridos. En medio de todo esto, algunas naciones han sufrido inestabilidad política, golpes de estado y desastres naturales que han aumentado este sufrimiento.&nbsp;</p>
</div>

<div class="wp-block block-core-paragraph">
<p class="wp-block-paragraph">Los salmistas y los profetas solían lamentarse ante Dios. Recordaban una vez más, quién es nuestro Dios y volvían a anclar sus esperanzas en Él.&nbsp;</p>
</div>

<div class="wp-block block-core-paragraph">
<p class="wp-block-paragraph">Queremos hacer lo mismo como familia global. Del 2 al 6 de agosto te invitamos a buscar al Señor con nosotros, a traer nuestra ansiedad y nuestra lamentación ante Él.&nbsp;</p>
</div>

<div class="wp-block block-core-paragraph">
<p class="has-accent-color has-text-color wp-block-paragraph">Compartiremos recursos en IFES&nbsp;Connect, nuestro nuevo espacio para conectar online de la familia de IFES. Los obreros, estudiantes y personas que nos apoyan son bienvenidos a unirse a IFES&nbsp;Connect. Una vez que se haya aprobado tu solicitud de&nbsp;acceso, visita&nbsp;<a href="http://connect.ifesworld.org/topics/28216/" target="_blank" rel="noreferrer noopener">Lamento con Esperanza.&nbsp;grupo</a>, para ayudarte a orar durante la semana. Este grupo de dará acceso a todos los recursos, los enlaces de Zoom, y las oportunidades de compartir cómo Dios está conectando contigo a lo largo de la semana. Esto incluirá una sala de oración abierta del lunes a jueves en Zoom.&nbsp;</p>
</div>

<div class="wp-block block-acf-ifesbutton">
<div class="">
    <a id="btn-block_61026149145a0" target="" href="http://connect.ifesworld.org/topics/28216/" class="btn btn--primary">
        <span>
        Únete a nosotros        </span>
    </a>
</div>

</div>

<div class="wp-block block-core-paragraph">
<p class="wp-block-paragraph">Estamos deseando orar contigo.&nbsp;</p>
</div></div>
</div></div>

<p>La SEMANA DE ESPERANZA Y LAMENTO 2 al 6 de agosto El mundo ha cambiado repentinamente con la irrupción inesperada de la pandemia. Hemos vadeado la ansiedad, los confinamientos, el impacto económico y la pérdida de seres queridos. En medio de todo esto, algunas naciones han sufrido inestabilidad política, golpes de estado y desastres naturales&#8230;</p>

<!-- This site is optimized with the Yoast SEO plugin v27.2 - https://yoast.com/product/yoast-seo-wordpress/ -->
<title>ESPERANZA EN EL LAMENTO &#183; IFES</title>
<meta name="description" content="La SEMANA DE ESPERANZA Y LAMENTO 2 al 6 de agosto El mundo ha cambiado repentinamente con la irrupción inesperada de la pandemia. Hemos vadeado la" />
<meta name="robots" content="index, follow, max-snippet:-1, max-image-preview:large, max-video-preview:-1" />
<link rel="canonical" href="https://ifesworld.org/en/hope-in-lament/" />
<meta property="og:locale" content="es_ES" />
<meta property="og:type" content="article" />
<meta property="og:title" content="ESPERANZA EN EL LAMENTO &#183; IFES" />
<meta property="og:description" content="La SEMANA DE ESPERANZA Y LAMENTO 2 al 6 de agosto El mundo ha cambiado repentinamente con la irrupción inesperada de la pandemia. Hemos vadeado la" />
<meta property="og:url" content="https://ifesworld.org/en/hope-in-lament/" />
<meta property="og:site_name" content="IFES" />
<meta property="article:modified_time" content="2021-08-05T11:56:45+00:00" />
<meta property="og:image" content="https://ifesworld.org/wp-content/uploads/2021/07/MicrosoftTeams-image-6.jpg" />
	<meta property="og:image:width" content="1600" />
	<meta property="og:image:height" content="600" />
	<meta property="og:image:type" content="image/jpeg" />
<meta name="twitter:card" content="summary_large_image" />
<meta name="twitter:label1" content="Tiempo de lectura" />
	<meta name="twitter:data1" content="1 minuto" />
<script type="application/ld+json" class="yoast-schema-graph">{"@context":"https://schema.org","@graph":[{"@type":"WebPage","@id":"https://ifesworld.org/en/hope-in-lament/","url":"https://ifesworld.org/en/hope-in-lament/","name":"ESPERANZA EN EL LAMENTO &#183; IFES","isPartOf":{"@id":"https://ifesworld.org/es/#website"},"primaryImageOfPage":{"@id":"https://ifesworld.org/en/hope-in-lament/#primaryimage"},"image":{"@id":"https://ifesworld.org/en/hope-in-lament/#primaryimage"},"thumbnailUrl":"https://ifesworld.org/wp-content/uploads/2021/07/MicrosoftTeams-image-6.jpg","datePublished":"2021-07-29T08:06:00+00:00","dateModified":"2021-08-05T11:56:45+00:00","description":"La SEMANA DE ESPERANZA Y LAMENTO 2 al 6 de agosto El mundo ha cambiado repentinamente con la irrupción inesperada de la pandemia. Hemos vadeado la","breadcrumb":{"@id":"https://ifesworld.org/en/hope-in-lament/#breadcrumb"},"inLanguage":"es","potentialAction":[{"@type":"ReadAction","target":["https://ifesworld.org/en/hope-in-lament/"]}]},{"@type":"ImageObject","inLanguage":"es","@id":"https://ifesworld.org/en/hope-in-lament/#primaryimage","url":"https://ifesworld.org/wp-content/uploads/2021/07/MicrosoftTeams-image-6.jpg","contentUrl":"https://ifesworld.org/wp-content/uploads/2021/07/MicrosoftTeams-image-6.jpg","width":1600,"height":600},{"@type":"BreadcrumbList","@id":"https://ifesworld.org/en/hope-in-lament/#breadcrumb","itemListElement":[{"@type":"ListItem","position":1,"name":"Home","item":"https://ifesworld.org/es/"},{"@type":"ListItem","position":2,"name":"ESPERANZA EN EL LAMENTO"}]},{"@type":"WebSite","@id":"https://ifesworld.org/es/#website","url":"https://ifesworld.org/es/","name":"IFES","description":"A movement of students sharing and living out the good news of Jesus Christ. Locally. Nationally. Globally.","publisher":{"@id":"https://ifesworld.org/es/#organization"},"potentialAction":[{"@type":"SearchAction","target":{"@type":"EntryPoint","urlTemplate":"https://ifesworld.org/es/?s={search_term_string}"},"query-input":{"@type":"PropertyValueSpecification","valueRequired":true,"valueName":"search_term_string"}}],"inLanguage":"es"},{"@type":"Organization","@id":"https://ifesworld.org/es/#organization","name":"IFES · International Fellowship of Evangelical Students","url":"https://ifesworld.org/es/","logo":{"@type":"ImageObject","inLanguage":"es","@id":"https://ifesworld.org/es/#/schema/logo/image/","url":"https://ifesworld.org/wp-content/uploads/2019/06/ifeslogo.png","contentUrl":"https://ifesworld.org/wp-content/uploads/2019/06/ifeslogo.png","width":262,"height":262,"caption":"IFES · International Fellowship of Evangelical Students"},"image":{"@id":"https://ifesworld.org/es/#/schema/logo/image/"}}]}</script>
<!-- / Yoast SEO plugin. -->

La SEMANA DE ESPERANZA Y LAMENTO 2 al 6 de agosto El mundo ha cambiado repentinamente con la irrupción inesperada de la pandemia. Hemos vadeado la
